{"id":819,"date":"2020-02-21T13:44:20","date_gmt":"2020-02-21T12:44:20","guid":{"rendered":"http:\/\/pureline2.dkonto.pl\/?post_type=product&#038;p=819"},"modified":"2023-10-26T15:34:37","modified_gmt":"2023-10-26T13:34:37","slug":"purebeau-trs-250","status":"publish","type":"product","link":"https:\/\/pureline.com.pl\/index.php\/product\/purebeau-trs-250\/","title":{"rendered":"Purebeau TRS 250"},"content":{"rendered":"<p>Urzadzenie do makija\u017cu permanentnego Purebeau TRS 250<br \/>\nCyfrowo sterowana pr\u0119dko\u015b\u0107 w zakresie od 50 do 180 Hz uderze\u0144 ig\u0142y w 14 r\u00f3\u017cnych zakresach<br \/>\nWysoka precyzja nap\u0119du zapewnia dok\u0142adno\u015b\u0107 podczas zabiegu mikropigmentacji (p\u0142ynna, niezmienna cz\u0119stotliwo\u015b\u0107 i moc pracy pomimo zr\u00f3\u017cnicowanej struktury powierzchni).<br \/>\nMo\u017cliwo\u015b\u0107 pracy na trzech r\u00f3znych r\u0105czkach :<br \/>\ndo mikropigmentacji<br \/>\ndo mezoterapii mikroig\u0142owej<br \/>\ndo fibroblast ( plazma ) lifting powieki g\u00f3rnej i dolnej<br \/>\nIstnieje mo\u017cliwo\u015b\u0107 jednoczesnego pod\u0142aczenia dw\u00f3ch r\u0105czek<br \/>\nRodzaje igie\u0142<br \/>\n\u2013 typu T<br \/>\nMo\u017cliwo\u015b\u0107 pod\u0142\u0105czenia modu\u0142 Cartridge<br \/>\nBezpiecze\u0144stwo i higiena<br \/>\nUrz\u0105dzenia produkcji niemieckiej spe\u0142niaj\u0105 normy CE, zosta\u0142y tak\u017ce sprawdzone przez w\u0142a\u015bciwe Ministerstwo Zdrowia w Berlinie i dopuszczone do u\u017cycia w dziedzinach kosmetyki.<br \/>\nAparat i r\u0105czka wymagaj\u0105 tylko dezynfekcji zewn\u0119trznej.<br \/>\nAparat posiada modu\u0142 zabezpieczaj\u0105cy przedostawanie si\u0119 barwnika i p\u0142yn\u00f3w z obszaru pigmentowanego do ko\u0144c\u00f3wki pracuj\u0105cej.<br \/>\nW zestawie znajduje si\u0119 jedna raczka<br \/>\nUrz\u0105dzenie posiada dwa lata gwarancji<\/p>\n","protected":false},"excerpt":{"rendered":"<h3>Urzadzenie do makija\u017cu permanentnego Purebeau TRS 250<\/h3>\n","protected":false},"featured_media":3686,"template":"","meta":{"_acf_changed":false},"product_brand":[],"product_cat":[155,163],"product_tag":[],"class_list":{"0":"post-819","1":"product","2":"type-product","3":"status-publish","4":"has-post-thumbnail","6":"product_cat-urzadzenia-do-makijazu-permanentnego","7":"product_cat-urzadzenia-purebeau","9":"first","10":"instock","11":"shipping-taxable","12":"purchasable","13":"product-type-simple"},"acf":[],"yoast_head":"<!-- This site is optimized with the Yoast SEO plugin v23.1 - https:\/\/yoast.com\/wordpress\/plugins\/seo\/ -->\n<title>Purebeau TRS 250 | PureLine<\/title>\n<meta name=\"description\" content=\"Purebeau TRS 250 | PureLine \u2764\ufe0f Najwy\u017csza jako\u015b\u0107 urz\u0105dze\u0144 do makija\u017cu permanentnego \u26a1 Szkolenia \u26a1 Wieloletnie do\u015bwiadczenie \u26a1 Zapraszamy do kontaktu!\" \/>\n<meta name=\"robots\" content=\"index, follow, max-snippet:-1, max-image-preview:large, max-video-preview:-1\" \/>\n<link rel=\"canonical\" href=\"https:\/\/pureline.com.pl\/index.php\/product\/purebeau-trs-250\/\" \/>\n<meta property=\"og:locale\" content=\"pl_PL\" \/>\n<meta property=\"og:type\" content=\"article\" \/>\n<meta property=\"og:title\" content=\"Purebeau TRS 250 | PureLine\" \/>\n<meta property=\"og:description\" content=\"Purebeau TRS 250 | PureLine \u2764\ufe0f Najwy\u017csza jako\u015b\u0107 urz\u0105dze\u0144 do makija\u017cu permanentnego \u26a1 Szkolenia \u26a1 Wieloletnie do\u015bwiadczenie \u26a1 Zapraszamy do kontaktu!\" \/>\n<meta property=\"og:url\" content=\"https:\/\/pureline.com.pl\/index.php\/product\/purebeau-trs-250\/\" \/>\n<meta property=\"og:site_name\" content=\"PureLine\" \/>\n<meta property=\"article:modified_time\" content=\"2023-10-26T13:34:37+00:00\" \/>\n<meta property=\"og:image\" content=\"https:\/\/pureline.com.pl\/wp-content\/uploads\/2021\/05\/trs250.jpg\" \/>\n\t<meta property=\"og:image:width\" content=\"225\" \/>\n\t<meta property=\"og:image:height\" content=\"225\" \/>\n\t<meta property=\"og:image:type\" content=\"image\/jpeg\" \/>\n<meta name=\"twitter:card\" content=\"summary_large_image\" \/>\n<meta name=\"twitter:label1\" content=\"Szacowany czas czytania\" \/>\n\t<meta name=\"twitter:data1\" content=\"1 minuta\" \/>\n<script type=\"application\/ld+json\" class=\"yoast-schema-graph\">{\"@context\":\"https:\/\/schema.org\",\"@graph\":[{\"@type\":\"WebPage\",\"@id\":\"https:\/\/pureline.com.pl\/index.php\/product\/purebeau-trs-250\/\",\"url\":\"https:\/\/pureline.com.pl\/index.php\/product\/purebeau-trs-250\/\",\"name\":\"Purebeau TRS 250 | PureLine\",\"isPartOf\":{\"@id\":\"https:\/\/pureline.com.pl\/#website\"},\"primaryImageOfPage\":{\"@id\":\"https:\/\/pureline.com.pl\/index.php\/product\/purebeau-trs-250\/#primaryimage\"},\"image\":{\"@id\":\"https:\/\/pureline.com.pl\/index.php\/product\/purebeau-trs-250\/#primaryimage\"},\"thumbnailUrl\":\"https:\/\/pureline.com.pl\/wp-content\/uploads\/2021\/05\/trs250.jpg\",\"datePublished\":\"2020-02-21T12:44:20+00:00\",\"dateModified\":\"2023-10-26T13:34:37+00:00\",\"description\":\"Purebeau TRS 250 | PureLine \u2764\ufe0f Najwy\u017csza jako\u015b\u0107 urz\u0105dze\u0144 do makija\u017cu permanentnego \u26a1 Szkolenia \u26a1 Wieloletnie do\u015bwiadczenie \u26a1 Zapraszamy do kontaktu!\",\"breadcrumb\":{\"@id\":\"https:\/\/pureline.com.pl\/index.php\/product\/purebeau-trs-250\/#breadcrumb\"},\"inLanguage\":\"pl-PL\",\"potentialAction\":[{\"@type\":\"ReadAction\",\"target\":[\"https:\/\/pureline.com.pl\/index.php\/product\/purebeau-trs-250\/\"]}]},{\"@type\":\"ImageObject\",\"inLanguage\":\"pl-PL\",\"@id\":\"https:\/\/pureline.com.pl\/index.php\/product\/purebeau-trs-250\/#primaryimage\",\"url\":\"https:\/\/pureline.com.pl\/wp-content\/uploads\/2021\/05\/trs250.jpg\",\"contentUrl\":\"https:\/\/pureline.com.pl\/wp-content\/uploads\/2021\/05\/trs250.jpg\",\"width\":225,\"height\":225},{\"@type\":\"BreadcrumbList\",\"@id\":\"https:\/\/pureline.com.pl\/index.php\/product\/purebeau-trs-250\/#breadcrumb\",\"itemListElement\":[{\"@type\":\"ListItem\",\"position\":1,\"name\":\"Strona g\u0142\u00f3wna\",\"item\":\"https:\/\/pureline.com.pl\/\"},{\"@type\":\"ListItem\",\"position\":2,\"name\":\"Sklep\",\"item\":\"https:\/\/pureline.com.pl\/index.php\/sklep\/\"},{\"@type\":\"ListItem\",\"position\":3,\"name\":\"Purebeau TRS 250\"}]},{\"@type\":\"WebSite\",\"@id\":\"https:\/\/pureline.com.pl\/#website\",\"url\":\"https:\/\/pureline.com.pl\/\",\"name\":\"PureLine\",\"description\":\"\",\"potentialAction\":[{\"@type\":\"SearchAction\",\"target\":{\"@type\":\"EntryPoint\",\"urlTemplate\":\"https:\/\/pureline.com.pl\/?s={search_term_string}\"},\"query-input\":\"required name=search_term_string\"}],\"inLanguage\":\"pl-PL\"}]}<\/script>\n<!-- \/ Yoast SEO plugin. -->","yoast_head_json":{"title":"Purebeau TRS 250 | PureLine","description":"Purebeau TRS 250 | PureLine \u2764\ufe0f Najwy\u017csza jako\u015b\u0107 urz\u0105dze\u0144 do makija\u017cu permanentnego \u26a1 Szkolenia \u26a1 Wieloletnie do\u015bwiadczenie \u26a1 Zapraszamy do kontaktu!","robots":{"index":"index","follow":"follow","max-snippet":"max-snippet:-1","max-image-preview":"max-image-preview:large","max-video-preview":"max-video-preview:-1"},"canonical":"https:\/\/pureline.com.pl\/index.php\/product\/purebeau-trs-250\/","og_locale":"pl_PL","og_type":"article","og_title":"Purebeau TRS 250 | PureLine","og_description":"Purebeau TRS 250 | PureLine \u2764\ufe0f Najwy\u017csza jako\u015b\u0107 urz\u0105dze\u0144 do makija\u017cu permanentnego \u26a1 Szkolenia \u26a1 Wieloletnie do\u015bwiadczenie \u26a1 Zapraszamy do kontaktu!","og_url":"https:\/\/pureline.com.pl\/index.php\/product\/purebeau-trs-250\/","og_site_name":"PureLine","article_modified_time":"2023-10-26T13:34:37+00:00","og_image":[{"width":225,"height":225,"url":"https:\/\/pureline.com.pl\/wp-content\/uploads\/2021\/05\/trs250.jpg","type":"image\/jpeg"}],"twitter_card":"summary_large_image","twitter_misc":{"Szacowany czas czytania":"1 minuta"},"schema":{"@context":"https:\/\/schema.org","@graph":[{"@type":"WebPage","@id":"https:\/\/pureline.com.pl\/index.php\/product\/purebeau-trs-250\/","url":"https:\/\/pureline.com.pl\/index.php\/product\/purebeau-trs-250\/","name":"Purebeau TRS 250 | PureLine","isPartOf":{"@id":"https:\/\/pureline.com.pl\/#website"},"primaryImageOfPage":{"@id":"https:\/\/pureline.com.pl\/index.php\/product\/purebeau-trs-250\/#primaryimage"},"image":{"@id":"https:\/\/pureline.com.pl\/index.php\/product\/purebeau-trs-250\/#primaryimage"},"thumbnailUrl":"https:\/\/pureline.com.pl\/wp-content\/uploads\/2021\/05\/trs250.jpg","datePublished":"2020-02-21T12:44:20+00:00","dateModified":"2023-10-26T13:34:37+00:00","description":"Purebeau TRS 250 | PureLine \u2764\ufe0f Najwy\u017csza jako\u015b\u0107 urz\u0105dze\u0144 do makija\u017cu permanentnego \u26a1 Szkolenia \u26a1 Wieloletnie do\u015bwiadczenie \u26a1 Zapraszamy do kontaktu!","breadcrumb":{"@id":"https:\/\/pureline.com.pl\/index.php\/product\/purebeau-trs-250\/#breadcrumb"},"inLanguage":"pl-PL","potentialAction":[{"@type":"ReadAction","target":["https:\/\/pureline.com.pl\/index.php\/product\/purebeau-trs-250\/"]}]},{"@type":"ImageObject","inLanguage":"pl-PL","@id":"https:\/\/pureline.com.pl\/index.php\/product\/purebeau-trs-250\/#primaryimage","url":"https:\/\/pureline.com.pl\/wp-content\/uploads\/2021\/05\/trs250.jpg","contentUrl":"https:\/\/pureline.com.pl\/wp-content\/uploads\/2021\/05\/trs250.jpg","width":225,"height":225},{"@type":"BreadcrumbList","@id":"https:\/\/pureline.com.pl\/index.php\/product\/purebeau-trs-250\/#breadcrumb","itemListElement":[{"@type":"ListItem","position":1,"name":"Strona g\u0142\u00f3wna","item":"https:\/\/pureline.com.pl\/"},{"@type":"ListItem","position":2,"name":"Sklep","item":"https:\/\/pureline.com.pl\/index.php\/sklep\/"},{"@type":"ListItem","position":3,"name":"Purebeau TRS 250"}]},{"@type":"WebSite","@id":"https:\/\/pureline.com.pl\/#website","url":"https:\/\/pureline.com.pl\/","name":"PureLine","description":"","potentialAction":[{"@type":"SearchAction","target":{"@type":"EntryPoint","urlTemplate":"https:\/\/pureline.com.pl\/?s={search_term_string}"},"query-input":"required name=search_term_string"}],"inLanguage":"pl-PL"}]}},"_links":{"self":[{"href":"https:\/\/pureline.com.pl\/index.php\/wp-json\/wp\/v2\/product\/819","targetHints":{"allow":["GET"]}}],"collection":[{"href":"https:\/\/pureline.com.pl\/index.php\/wp-json\/wp\/v2\/product"}],"about":[{"href":"https:\/\/pureline.com.pl\/index.php\/wp-json\/wp\/v2\/types\/product"}],"version-history":[{"count":6,"href":"https:\/\/pureline.com.pl\/index.php\/wp-json\/wp\/v2\/product\/819\/revisions"}],"predecessor-version":[{"id":6827,"href":"https:\/\/pureline.com.pl\/index.php\/wp-json\/wp\/v2\/product\/819\/revisions\/6827"}],"wp:featuredmedia":[{"embeddable":true,"href":"https:\/\/pureline.com.pl\/index.php\/wp-json\/wp\/v2\/media\/3686"}],"wp:attachment":[{"href":"https:\/\/pureline.com.pl\/index.php\/wp-json\/wp\/v2\/media?parent=819"}],"wp:term":[{"taxonomy":"product_brand","embeddable":true,"href":"https:\/\/pureline.com.pl\/index.php\/wp-json\/wp\/v2\/product_brand?post=819"},{"taxonomy":"product_cat","embeddable":true,"href":"https:\/\/pureline.com.pl\/index.php\/wp-json\/wp\/v2\/product_cat?post=819"},{"taxonomy":"product_tag","embeddable":true,"href":"https:\/\/pureline.com.pl\/index.php\/wp-json\/wp\/v2\/product_tag?post=819"}],"curies":[{"name":"wp","href":"https:\/\/api.w.org\/{rel}","templated":true}]}}