{"id":6142,"date":"2023-03-15T13:07:32","date_gmt":"2023-03-15T12:07:32","guid":{"rendered":"https:\/\/pureline.com.pl\/?post_type=product&#038;p=6142"},"modified":"2023-11-30T14:32:41","modified_gmt":"2023-11-30T13:32:41","slug":"igla-cardrige-1p-03","status":"publish","type":"product","link":"https:\/\/pureline.com.pl\/index.php\/product\/igla-cardrige-1p-03\/","title":{"rendered":"Ig\u0142a Cardrige 1P  0,3"},"content":{"rendered":"<p>Ig\u0142a Cardrige do urzadzenia Pureline Pop Hit oraz Pureline Hand R<\/p>\n<p>Opis:<\/p>\n<p>Zaprojektowane, aby zapobiega\u0107 cofaniu si\u0119 pigmentu i krwi do r\u0105czki urz\u0105dzenia<\/p>\n<p>Dostosuj ilo\u015b\u0107 emisji pigmentu<\/p>\n<p>Podczas zamykania pier\u015bcieni na nakr\u0119tce wydziela si\u0119 niewielka ilo\u015b\u0107 pigmentu.<\/p>\n<p>Podczas otwierania pier\u015bcieni na nasadce emitowana jest du\u017ca ilo\u015b\u0107 pigment\u00f3w.<\/p>\n<p>\u0141atwa regulacja dla wygody u\u017cytkownika<\/p>\n<p><img fetchpriority=\"high\" decoding=\"async\" class=\" wp-image-6130 alignright\" src=\"https:\/\/pureline.com.pl\/wp-content\/uploads\/2023\/03\/PMU-i-MTS--300x148.png\" alt=\"\" width=\"531\" height=\"262\" srcset=\"https:\/\/pureline.com.pl\/wp-content\/uploads\/2023\/03\/PMU-i-MTS--300x148.png 300w, https:\/\/pureline.com.pl\/wp-content\/uploads\/2023\/03\/PMU-i-MTS--400x197.png 400w, https:\/\/pureline.com.pl\/wp-content\/uploads\/2023\/03\/PMU-i-MTS-.png 731w\" sizes=\"(max-width: 531px) 100vw, 531px\" \/><\/p>\n<p>&nbsp;<\/p>\n<p>Jednorazowe wk\u0142ady ig\u0142owe sterylizowane gazem EO<\/p>\n<p>Indywidualne przezroczyste opakowanie blistrowe<\/p>\n","protected":false},"excerpt":{"rendered":"<p>Ig\u0142a Cardrige 1P 0,3<\/p>\n","protected":false},"featured_media":6140,"template":"","meta":{"_acf_changed":false},"product_brand":[],"product_cat":[158],"product_tag":[],"class_list":{"0":"post-6142","1":"product","2":"type-product","3":"status-publish","4":"has-post-thumbnail","6":"product_cat-igly","8":"first","9":"instock","10":"shipping-taxable","11":"purchasable","12":"product-type-simple"},"acf":[],"yoast_head":"<!-- This site is optimized with the Yoast SEO plugin v23.1 - https:\/\/yoast.com\/wordpress\/plugins\/seo\/ -->\n<title>Ig\u0142a Cardrige 1P 0,3 | PureLine<\/title>\n<meta name=\"description\" content=\"Ig\u0142a Cardrige 1P 0,3 | PureLine \u2764\ufe0f Najwy\u017csza jako\u015b\u0107 urz\u0105dze\u0144 do makija\u017cu permanentnego \u26a1 Szkolenia \u26a1 Wieloletnie do\u015bwiadczenie \u26a1 Zapraszamy do kontaktu!\" \/>\n<meta name=\"robots\" content=\"index, follow, max-snippet:-1, max-image-preview:large, max-video-preview:-1\" \/>\n<link rel=\"canonical\" href=\"https:\/\/pureline.com.pl\/index.php\/product\/igla-cardrige-1p-03\/\" \/>\n<meta property=\"og:locale\" content=\"pl_PL\" \/>\n<meta property=\"og:type\" content=\"article\" \/>\n<meta property=\"og:title\" content=\"Ig\u0142a Cardrige 1P 0,3 | PureLine\" \/>\n<meta property=\"og:description\" content=\"Ig\u0142a Cardrige 1P 0,3 | PureLine \u2764\ufe0f Najwy\u017csza jako\u015b\u0107 urz\u0105dze\u0144 do makija\u017cu permanentnego \u26a1 Szkolenia \u26a1 Wieloletnie do\u015bwiadczenie \u26a1 Zapraszamy do kontaktu!\" \/>\n<meta property=\"og:url\" content=\"https:\/\/pureline.com.pl\/index.php\/product\/igla-cardrige-1p-03\/\" \/>\n<meta property=\"og:site_name\" content=\"PureLine\" \/>\n<meta property=\"article:modified_time\" content=\"2023-11-30T13:32:41+00:00\" \/>\n<meta property=\"og:image\" content=\"https:\/\/pureline.com.pl\/wp-content\/uploads\/2023\/03\/Revo_1R__64461.jpg\" \/>\n\t<meta property=\"og:image:width\" content=\"1200\" \/>\n\t<meta property=\"og:image:height\" content=\"1200\" \/>\n\t<meta property=\"og:image:type\" content=\"image\/jpeg\" \/>\n<meta name=\"twitter:card\" content=\"summary_large_image\" \/>\n<meta name=\"twitter:label1\" content=\"Szacowany czas czytania\" \/>\n\t<meta name=\"twitter:data1\" content=\"1 minuta\" \/>\n<script type=\"application\/ld+json\" class=\"yoast-schema-graph\">{\"@context\":\"https:\/\/schema.org\",\"@graph\":[{\"@type\":\"WebPage\",\"@id\":\"https:\/\/pureline.com.pl\/index.php\/product\/igla-cardrige-1p-03\/\",\"url\":\"https:\/\/pureline.com.pl\/index.php\/product\/igla-cardrige-1p-03\/\",\"name\":\"Ig\u0142a Cardrige 1P 0,3 | PureLine\",\"isPartOf\":{\"@id\":\"https:\/\/pureline.com.pl\/#website\"},\"primaryImageOfPage\":{\"@id\":\"https:\/\/pureline.com.pl\/index.php\/product\/igla-cardrige-1p-03\/#primaryimage\"},\"image\":{\"@id\":\"https:\/\/pureline.com.pl\/index.php\/product\/igla-cardrige-1p-03\/#primaryimage\"},\"thumbnailUrl\":\"https:\/\/pureline.com.pl\/wp-content\/uploads\/2023\/03\/Revo_1R__64461.jpg\",\"datePublished\":\"2023-03-15T12:07:32+00:00\",\"dateModified\":\"2023-11-30T13:32:41+00:00\",\"description\":\"Ig\u0142a Cardrige 1P 0,3 | PureLine \u2764\ufe0f Najwy\u017csza jako\u015b\u0107 urz\u0105dze\u0144 do makija\u017cu permanentnego \u26a1 Szkolenia \u26a1 Wieloletnie do\u015bwiadczenie \u26a1 Zapraszamy do kontaktu!\",\"breadcrumb\":{\"@id\":\"https:\/\/pureline.com.pl\/index.php\/product\/igla-cardrige-1p-03\/#breadcrumb\"},\"inLanguage\":\"pl-PL\",\"potentialAction\":[{\"@type\":\"ReadAction\",\"target\":[\"https:\/\/pureline.com.pl\/index.php\/product\/igla-cardrige-1p-03\/\"]}]},{\"@type\":\"ImageObject\",\"inLanguage\":\"pl-PL\",\"@id\":\"https:\/\/pureline.com.pl\/index.php\/product\/igla-cardrige-1p-03\/#primaryimage\",\"url\":\"https:\/\/pureline.com.pl\/wp-content\/uploads\/2023\/03\/Revo_1R__64461.jpg\",\"contentUrl\":\"https:\/\/pureline.com.pl\/wp-content\/uploads\/2023\/03\/Revo_1R__64461.jpg\",\"width\":1200,\"height\":1200},{\"@type\":\"BreadcrumbList\",\"@id\":\"https:\/\/pureline.com.pl\/index.php\/product\/igla-cardrige-1p-03\/#breadcrumb\",\"itemListElement\":[{\"@type\":\"ListItem\",\"position\":1,\"name\":\"Strona g\u0142\u00f3wna\",\"item\":\"https:\/\/pureline.com.pl\/\"},{\"@type\":\"ListItem\",\"position\":2,\"name\":\"Sklep\",\"item\":\"https:\/\/pureline.com.pl\/index.php\/sklep\/\"},{\"@type\":\"ListItem\",\"position\":3,\"name\":\"Ig\u0142a Cardrige 1P 0,3\"}]},{\"@type\":\"WebSite\",\"@id\":\"https:\/\/pureline.com.pl\/#website\",\"url\":\"https:\/\/pureline.com.pl\/\",\"name\":\"PureLine\",\"description\":\"\",\"potentialAction\":[{\"@type\":\"SearchAction\",\"target\":{\"@type\":\"EntryPoint\",\"urlTemplate\":\"https:\/\/pureline.com.pl\/?s={search_term_string}\"},\"query-input\":\"required name=search_term_string\"}],\"inLanguage\":\"pl-PL\"}]}<\/script>\n<!-- \/ Yoast SEO plugin. -->","yoast_head_json":{"title":"Ig\u0142a Cardrige 1P 0,3 | PureLine","description":"Ig\u0142a Cardrige 1P 0,3 | PureLine \u2764\ufe0f Najwy\u017csza jako\u015b\u0107 urz\u0105dze\u0144 do makija\u017cu permanentnego \u26a1 Szkolenia \u26a1 Wieloletnie do\u015bwiadczenie \u26a1 Zapraszamy do kontaktu!","robots":{"index":"index","follow":"follow","max-snippet":"max-snippet:-1","max-image-preview":"max-image-preview:large","max-video-preview":"max-video-preview:-1"},"canonical":"https:\/\/pureline.com.pl\/index.php\/product\/igla-cardrige-1p-03\/","og_locale":"pl_PL","og_type":"article","og_title":"Ig\u0142a Cardrige 1P 0,3 | PureLine","og_description":"Ig\u0142a Cardrige 1P 0,3 | PureLine \u2764\ufe0f Najwy\u017csza jako\u015b\u0107 urz\u0105dze\u0144 do makija\u017cu permanentnego \u26a1 Szkolenia \u26a1 Wieloletnie do\u015bwiadczenie \u26a1 Zapraszamy do kontaktu!","og_url":"https:\/\/pureline.com.pl\/index.php\/product\/igla-cardrige-1p-03\/","og_site_name":"PureLine","article_modified_time":"2023-11-30T13:32:41+00:00","og_image":[{"width":1200,"height":1200,"url":"https:\/\/pureline.com.pl\/wp-content\/uploads\/2023\/03\/Revo_1R__64461.jpg","type":"image\/jpeg"}],"twitter_card":"summary_large_image","twitter_misc":{"Szacowany czas czytania":"1 minuta"},"schema":{"@context":"https:\/\/schema.org","@graph":[{"@type":"WebPage","@id":"https:\/\/pureline.com.pl\/index.php\/product\/igla-cardrige-1p-03\/","url":"https:\/\/pureline.com.pl\/index.php\/product\/igla-cardrige-1p-03\/","name":"Ig\u0142a Cardrige 1P 0,3 | PureLine","isPartOf":{"@id":"https:\/\/pureline.com.pl\/#website"},"primaryImageOfPage":{"@id":"https:\/\/pureline.com.pl\/index.php\/product\/igla-cardrige-1p-03\/#primaryimage"},"image":{"@id":"https:\/\/pureline.com.pl\/index.php\/product\/igla-cardrige-1p-03\/#primaryimage"},"thumbnailUrl":"https:\/\/pureline.com.pl\/wp-content\/uploads\/2023\/03\/Revo_1R__64461.jpg","datePublished":"2023-03-15T12:07:32+00:00","dateModified":"2023-11-30T13:32:41+00:00","description":"Ig\u0142a Cardrige 1P 0,3 | PureLine \u2764\ufe0f Najwy\u017csza jako\u015b\u0107 urz\u0105dze\u0144 do makija\u017cu permanentnego \u26a1 Szkolenia \u26a1 Wieloletnie do\u015bwiadczenie \u26a1 Zapraszamy do kontaktu!","breadcrumb":{"@id":"https:\/\/pureline.com.pl\/index.php\/product\/igla-cardrige-1p-03\/#breadcrumb"},"inLanguage":"pl-PL","potentialAction":[{"@type":"ReadAction","target":["https:\/\/pureline.com.pl\/index.php\/product\/igla-cardrige-1p-03\/"]}]},{"@type":"ImageObject","inLanguage":"pl-PL","@id":"https:\/\/pureline.com.pl\/index.php\/product\/igla-cardrige-1p-03\/#primaryimage","url":"https:\/\/pureline.com.pl\/wp-content\/uploads\/2023\/03\/Revo_1R__64461.jpg","contentUrl":"https:\/\/pureline.com.pl\/wp-content\/uploads\/2023\/03\/Revo_1R__64461.jpg","width":1200,"height":1200},{"@type":"BreadcrumbList","@id":"https:\/\/pureline.com.pl\/index.php\/product\/igla-cardrige-1p-03\/#breadcrumb","itemListElement":[{"@type":"ListItem","position":1,"name":"Strona g\u0142\u00f3wna","item":"https:\/\/pureline.com.pl\/"},{"@type":"ListItem","position":2,"name":"Sklep","item":"https:\/\/pureline.com.pl\/index.php\/sklep\/"},{"@type":"ListItem","position":3,"name":"Ig\u0142a Cardrige 1P 0,3"}]},{"@type":"WebSite","@id":"https:\/\/pureline.com.pl\/#website","url":"https:\/\/pureline.com.pl\/","name":"PureLine","description":"","potentialAction":[{"@type":"SearchAction","target":{"@type":"EntryPoint","urlTemplate":"https:\/\/pureline.com.pl\/?s={search_term_string}"},"query-input":"required name=search_term_string"}],"inLanguage":"pl-PL"}]}},"_links":{"self":[{"href":"https:\/\/pureline.com.pl\/index.php\/wp-json\/wp\/v2\/product\/6142","targetHints":{"allow":["GET"]}}],"collection":[{"href":"https:\/\/pureline.com.pl\/index.php\/wp-json\/wp\/v2\/product"}],"about":[{"href":"https:\/\/pureline.com.pl\/index.php\/wp-json\/wp\/v2\/types\/product"}],"version-history":[{"count":1,"href":"https:\/\/pureline.com.pl\/index.php\/wp-json\/wp\/v2\/product\/6142\/revisions"}],"predecessor-version":[{"id":6143,"href":"https:\/\/pureline.com.pl\/index.php\/wp-json\/wp\/v2\/product\/6142\/revisions\/6143"}],"wp:featuredmedia":[{"embeddable":true,"href":"https:\/\/pureline.com.pl\/index.php\/wp-json\/wp\/v2\/media\/6140"}],"wp:attachment":[{"href":"https:\/\/pureline.com.pl\/index.php\/wp-json\/wp\/v2\/media?parent=6142"}],"wp:term":[{"taxonomy":"product_brand","embeddable":true,"href":"https:\/\/pureline.com.pl\/index.php\/wp-json\/wp\/v2\/product_brand?post=6142"},{"taxonomy":"product_cat","embeddable":true,"href":"https:\/\/pureline.com.pl\/index.php\/wp-json\/wp\/v2\/product_cat?post=6142"},{"taxonomy":"product_tag","embeddable":true,"href":"https:\/\/pureline.com.pl\/index.php\/wp-json\/wp\/v2\/product_tag?post=6142"}],"curies":[{"name":"wp","href":"https:\/\/api.w.org\/{rel}","templated":true}]}}