{"id":5217,"date":"2022-03-23T11:10:07","date_gmt":"2022-03-23T10:10:07","guid":{"rendered":"https:\/\/pureline.com.pl\/?post_type=product&#038;p=5217"},"modified":"2023-10-26T15:40:10","modified_gmt":"2023-10-26T13:40:10","slug":"miu-miu","status":"publish","type":"product","link":"https:\/\/pureline.com.pl\/index.php\/product\/miu-miu\/","title":{"rendered":"MIU MIU"},"content":{"rendered":"<p>MIU MIU\u00a0 &#8211; pigment do ust 10 ml<\/p>\n<p><span class=\"VIiyi\" lang=\"pl\"><span class=\"JLqJ4b ChMk0b\" data-language-for-alternatives=\"pl\" data-language-to-translate-into=\"en\" data-phrase-index=\"0\" data-number-of-phrases=\"3\">Miu Miu to brzoskwiniowy ton;<\/span> <span class=\"JLqJ4b ChMk0b\" data-language-for-alternatives=\"pl\" data-language-to-translate-into=\"en\" data-phrase-index=\"1\" data-number-of-phrases=\"3\">s\u0142u\u017cy do rozja\u015bniania ust, dzi\u0119ki czemu wydaj\u0105 si\u0119 \u015bwie\u017csze i zdrowsze.<\/span> <span class=\"JLqJ4b ChMk0b\" data-language-for-alternatives=\"pl\" data-language-to-translate-into=\"en\" data-phrase-index=\"2\" data-number-of-phrases=\"3\">Ma pomara\u0144czowy odcie\u0144, dobry do korekcji matowych ust.<\/span><\/span><\/p>\n","protected":false},"excerpt":{"rendered":"<h3>MIU MIU\u00a0 &#8211; pigment do ust 10 ml<\/h3>\n<p>\u2713 Pigmenty Everlasting Brows s\u0105 kremowe i wysoce skoncentrowane,<\/p>\n<p>\u2713 Wszystkie nasze pigmenty \u015bwietnie nadaj\u0105 si\u0119 do stosowania samodzielnie lub w po\u0142\u0105czeniu z innymi, aby odblokowa\u0107 wi\u0119cej opcji kolorystycznych<\/p>\n<p>\u2713 Pigmenty Everlasting Brows produkowane s\u0105 w Niemczech<\/p>\n<p>\u2713 Stabilna formu\u0142a pigmentu oznacza, \u017ce \u200b\u200bpigment nie blaknie w niechciane odcienie<\/p>\n<p>\u2713 Everlasting pigmenty zawieraj\u0105 tylko najwy\u017cszej jako\u015bci surowce<\/p>\n<p>\u2713 Ka\u017cda partia pigmentu jest testowana pod k\u0105tem zanieczyszcze\u0144 i metali ci\u0119\u017ckich , posiada aprobat\u0119 InkCert; spe\u0142nia wszystkie wymagania toksykologiczne CoE ResAp. Mniej zanieczyszcze\u0144 oznacza, \u017ce \u200b\u200bsk\u00f3ra b\u0119dzie bardziej podatna na pigment, co zapewni lepsze efekty gojenia<\/p>\n<p>\u2713 Nietoksyczne, niekorozyjne, niedra\u017cni\u0105ce, niekancerogenne , niefototoksyczne; bez DMDM \u200b\u200bHydantoin i bez alergen\u00f3w<\/p>\n<p>\u2713 Wyprodukowane zgodnie z zaleceniami medycznymi, aby zagwarantowa\u0107 sterylno\u015b\u0107, co oznacza dodatkowy spok\u00f3j dla Twojego klienta, gdy wiesz, \u017ce wybra\u0142e\u015b to, co najlepsze dla jego dobrego samopoczucia i urody.<\/p>\n<p>\u2713 Jedna z trzech firm na \u015bwiecie zatwierdzona do stosowania technologii Novoxx w naszych pigmentach: http:\/\/www.novoxx.eu\/index.html<\/p>\n<p>Zgodne z norm\u0105 REACH<\/p>\n","protected":false},"featured_media":5219,"template":"","meta":{"_acf_changed":false},"product_brand":[],"product_cat":[180,183],"product_tag":[],"class_list":{"0":"post-5217","1":"product","2":"type-product","3":"status-publish","4":"has-post-thumbnail","6":"product_cat-pigmenty-everlasting","7":"product_cat-usta-pigmenty-everlasting","9":"first","10":"instock","11":"shipping-taxable","12":"purchasable","13":"product-type-simple"},"acf":[],"yoast_head":"<!-- This site is optimized with the Yoast SEO plugin v23.1 - https:\/\/yoast.com\/wordpress\/plugins\/seo\/ -->\n<title>MIU MIU | PureLine<\/title>\n<meta name=\"description\" content=\"MIU MIU | PureLine \u2764\ufe0f Najwy\u017csza jako\u015b\u0107 urz\u0105dze\u0144 do makija\u017cu permanentnego \u26a1 Szkolenia \u26a1 Wieloletnie do\u015bwiadczenie \u26a1 Zapraszamy do kontaktu!\" \/>\n<meta name=\"robots\" content=\"index, follow, max-snippet:-1, max-image-preview:large, max-video-preview:-1\" \/>\n<link rel=\"canonical\" href=\"https:\/\/pureline.com.pl\/index.php\/product\/miu-miu\/\" \/>\n<meta property=\"og:locale\" content=\"pl_PL\" \/>\n<meta property=\"og:type\" content=\"article\" \/>\n<meta property=\"og:title\" content=\"MIU MIU | PureLine\" \/>\n<meta property=\"og:description\" content=\"MIU MIU | PureLine \u2764\ufe0f Najwy\u017csza jako\u015b\u0107 urz\u0105dze\u0144 do makija\u017cu permanentnego \u26a1 Szkolenia \u26a1 Wieloletnie do\u015bwiadczenie \u26a1 Zapraszamy do kontaktu!\" \/>\n<meta property=\"og:url\" content=\"https:\/\/pureline.com.pl\/index.php\/product\/miu-miu\/\" \/>\n<meta property=\"og:site_name\" content=\"PureLine\" \/>\n<meta property=\"article:modified_time\" content=\"2023-10-26T13:40:10+00:00\" \/>\n<meta property=\"og:image\" content=\"https:\/\/pureline.com.pl\/wp-content\/uploads\/2022\/03\/miu-miu-2.png\" \/>\n\t<meta property=\"og:image:width\" content=\"1000\" \/>\n\t<meta property=\"og:image:height\" content=\"1000\" \/>\n\t<meta property=\"og:image:type\" content=\"image\/png\" \/>\n<meta name=\"twitter:card\" content=\"summary_large_image\" \/>\n<meta name=\"twitter:label1\" content=\"Szacowany czas czytania\" \/>\n\t<meta name=\"twitter:data1\" content=\"1 minuta\" \/>\n<script type=\"application\/ld+json\" class=\"yoast-schema-graph\">{\"@context\":\"https:\/\/schema.org\",\"@graph\":[{\"@type\":\"WebPage\",\"@id\":\"https:\/\/pureline.com.pl\/index.php\/product\/miu-miu\/\",\"url\":\"https:\/\/pureline.com.pl\/index.php\/product\/miu-miu\/\",\"name\":\"MIU MIU | PureLine\",\"isPartOf\":{\"@id\":\"https:\/\/pureline.com.pl\/#website\"},\"primaryImageOfPage\":{\"@id\":\"https:\/\/pureline.com.pl\/index.php\/product\/miu-miu\/#primaryimage\"},\"image\":{\"@id\":\"https:\/\/pureline.com.pl\/index.php\/product\/miu-miu\/#primaryimage\"},\"thumbnailUrl\":\"https:\/\/pureline.com.pl\/wp-content\/uploads\/2022\/03\/miu-miu-2.png\",\"datePublished\":\"2022-03-23T10:10:07+00:00\",\"dateModified\":\"2023-10-26T13:40:10+00:00\",\"description\":\"MIU MIU | PureLine \u2764\ufe0f Najwy\u017csza jako\u015b\u0107 urz\u0105dze\u0144 do makija\u017cu permanentnego \u26a1 Szkolenia \u26a1 Wieloletnie do\u015bwiadczenie \u26a1 Zapraszamy do kontaktu!\",\"breadcrumb\":{\"@id\":\"https:\/\/pureline.com.pl\/index.php\/product\/miu-miu\/#breadcrumb\"},\"inLanguage\":\"pl-PL\",\"potentialAction\":[{\"@type\":\"ReadAction\",\"target\":[\"https:\/\/pureline.com.pl\/index.php\/product\/miu-miu\/\"]}]},{\"@type\":\"ImageObject\",\"inLanguage\":\"pl-PL\",\"@id\":\"https:\/\/pureline.com.pl\/index.php\/product\/miu-miu\/#primaryimage\",\"url\":\"https:\/\/pureline.com.pl\/wp-content\/uploads\/2022\/03\/miu-miu-2.png\",\"contentUrl\":\"https:\/\/pureline.com.pl\/wp-content\/uploads\/2022\/03\/miu-miu-2.png\",\"width\":1000,\"height\":1000},{\"@type\":\"BreadcrumbList\",\"@id\":\"https:\/\/pureline.com.pl\/index.php\/product\/miu-miu\/#breadcrumb\",\"itemListElement\":[{\"@type\":\"ListItem\",\"position\":1,\"name\":\"Strona g\u0142\u00f3wna\",\"item\":\"https:\/\/pureline.com.pl\/\"},{\"@type\":\"ListItem\",\"position\":2,\"name\":\"Sklep\",\"item\":\"https:\/\/pureline.com.pl\/index.php\/sklep\/\"},{\"@type\":\"ListItem\",\"position\":3,\"name\":\"MIU MIU\"}]},{\"@type\":\"WebSite\",\"@id\":\"https:\/\/pureline.com.pl\/#website\",\"url\":\"https:\/\/pureline.com.pl\/\",\"name\":\"PureLine\",\"description\":\"\",\"potentialAction\":[{\"@type\":\"SearchAction\",\"target\":{\"@type\":\"EntryPoint\",\"urlTemplate\":\"https:\/\/pureline.com.pl\/?s={search_term_string}\"},\"query-input\":\"required name=search_term_string\"}],\"inLanguage\":\"pl-PL\"}]}<\/script>\n<!-- \/ Yoast SEO plugin. -->","yoast_head_json":{"title":"MIU MIU | PureLine","description":"MIU MIU | PureLine \u2764\ufe0f Najwy\u017csza jako\u015b\u0107 urz\u0105dze\u0144 do makija\u017cu permanentnego \u26a1 Szkolenia \u26a1 Wieloletnie do\u015bwiadczenie \u26a1 Zapraszamy do kontaktu!","robots":{"index":"index","follow":"follow","max-snippet":"max-snippet:-1","max-image-preview":"max-image-preview:large","max-video-preview":"max-video-preview:-1"},"canonical":"https:\/\/pureline.com.pl\/index.php\/product\/miu-miu\/","og_locale":"pl_PL","og_type":"article","og_title":"MIU MIU | PureLine","og_description":"MIU MIU | PureLine \u2764\ufe0f Najwy\u017csza jako\u015b\u0107 urz\u0105dze\u0144 do makija\u017cu permanentnego \u26a1 Szkolenia \u26a1 Wieloletnie do\u015bwiadczenie \u26a1 Zapraszamy do kontaktu!","og_url":"https:\/\/pureline.com.pl\/index.php\/product\/miu-miu\/","og_site_name":"PureLine","article_modified_time":"2023-10-26T13:40:10+00:00","og_image":[{"width":1000,"height":1000,"url":"https:\/\/pureline.com.pl\/wp-content\/uploads\/2022\/03\/miu-miu-2.png","type":"image\/png"}],"twitter_card":"summary_large_image","twitter_misc":{"Szacowany czas czytania":"1 minuta"},"schema":{"@context":"https:\/\/schema.org","@graph":[{"@type":"WebPage","@id":"https:\/\/pureline.com.pl\/index.php\/product\/miu-miu\/","url":"https:\/\/pureline.com.pl\/index.php\/product\/miu-miu\/","name":"MIU MIU | PureLine","isPartOf":{"@id":"https:\/\/pureline.com.pl\/#website"},"primaryImageOfPage":{"@id":"https:\/\/pureline.com.pl\/index.php\/product\/miu-miu\/#primaryimage"},"image":{"@id":"https:\/\/pureline.com.pl\/index.php\/product\/miu-miu\/#primaryimage"},"thumbnailUrl":"https:\/\/pureline.com.pl\/wp-content\/uploads\/2022\/03\/miu-miu-2.png","datePublished":"2022-03-23T10:10:07+00:00","dateModified":"2023-10-26T13:40:10+00:00","description":"MIU MIU | PureLine \u2764\ufe0f Najwy\u017csza jako\u015b\u0107 urz\u0105dze\u0144 do makija\u017cu permanentnego \u26a1 Szkolenia \u26a1 Wieloletnie do\u015bwiadczenie \u26a1 Zapraszamy do kontaktu!","breadcrumb":{"@id":"https:\/\/pureline.com.pl\/index.php\/product\/miu-miu\/#breadcrumb"},"inLanguage":"pl-PL","potentialAction":[{"@type":"ReadAction","target":["https:\/\/pureline.com.pl\/index.php\/product\/miu-miu\/"]}]},{"@type":"ImageObject","inLanguage":"pl-PL","@id":"https:\/\/pureline.com.pl\/index.php\/product\/miu-miu\/#primaryimage","url":"https:\/\/pureline.com.pl\/wp-content\/uploads\/2022\/03\/miu-miu-2.png","contentUrl":"https:\/\/pureline.com.pl\/wp-content\/uploads\/2022\/03\/miu-miu-2.png","width":1000,"height":1000},{"@type":"BreadcrumbList","@id":"https:\/\/pureline.com.pl\/index.php\/product\/miu-miu\/#breadcrumb","itemListElement":[{"@type":"ListItem","position":1,"name":"Strona g\u0142\u00f3wna","item":"https:\/\/pureline.com.pl\/"},{"@type":"ListItem","position":2,"name":"Sklep","item":"https:\/\/pureline.com.pl\/index.php\/sklep\/"},{"@type":"ListItem","position":3,"name":"MIU MIU"}]},{"@type":"WebSite","@id":"https:\/\/pureline.com.pl\/#website","url":"https:\/\/pureline.com.pl\/","name":"PureLine","description":"","potentialAction":[{"@type":"SearchAction","target":{"@type":"EntryPoint","urlTemplate":"https:\/\/pureline.com.pl\/?s={search_term_string}"},"query-input":"required name=search_term_string"}],"inLanguage":"pl-PL"}]}},"_links":{"self":[{"href":"https:\/\/pureline.com.pl\/index.php\/wp-json\/wp\/v2\/product\/5217","targetHints":{"allow":["GET"]}}],"collection":[{"href":"https:\/\/pureline.com.pl\/index.php\/wp-json\/wp\/v2\/product"}],"about":[{"href":"https:\/\/pureline.com.pl\/index.php\/wp-json\/wp\/v2\/types\/product"}],"version-history":[{"count":7,"href":"https:\/\/pureline.com.pl\/index.php\/wp-json\/wp\/v2\/product\/5217\/revisions"}],"predecessor-version":[{"id":6833,"href":"https:\/\/pureline.com.pl\/index.php\/wp-json\/wp\/v2\/product\/5217\/revisions\/6833"}],"wp:featuredmedia":[{"embeddable":true,"href":"https:\/\/pureline.com.pl\/index.php\/wp-json\/wp\/v2\/media\/5219"}],"wp:attachment":[{"href":"https:\/\/pureline.com.pl\/index.php\/wp-json\/wp\/v2\/media?parent=5217"}],"wp:term":[{"taxonomy":"product_brand","embeddable":true,"href":"https:\/\/pureline.com.pl\/index.php\/wp-json\/wp\/v2\/product_brand?post=5217"},{"taxonomy":"product_cat","embeddable":true,"href":"https:\/\/pureline.com.pl\/index.php\/wp-json\/wp\/v2\/product_cat?post=5217"},{"taxonomy":"product_tag","embeddable":true,"href":"https:\/\/pureline.com.pl\/index.php\/wp-json\/wp\/v2\/product_tag?post=5217"}],"curies":[{"name":"wp","href":"https:\/\/api.w.org\/{rel}","templated":true}]}}