{"id":500,"date":"2017-03-17T11:59:51","date_gmt":"2017-03-17T10:59:51","guid":{"rendered":"http:\/\/pureline2.dkonto.pl\/?post_type=product&#038;p=500"},"modified":"2022-11-04T14:09:15","modified_gmt":"2022-11-04T13:09:15","slug":"raczka-uchwyt-do-microbladingu","status":"publish","type":"product","link":"https:\/\/pureline.com.pl\/index.php\/product\/raczka-uchwyt-do-microbladingu\/","title":{"rendered":"Uchwyt do microbladingu"},"content":{"rendered":"<h1 style=\"font-size: 21.25px;\">Uchwyt do microbladingu<\/h1>\n<p>R\u0105czka uchwyt do microbladingu<\/p>\n<p>Microblading jest pochochodz\u0105c\u0105 z Azji r\u0119czn\u0105 metod\u0105 pigmentacji, kt\u00f3ra zyska\u0142a uznanie na ca\u0142ym \u015bwiecie. Microblading &#8211; dok\u0142adniej, jest to wprowadzenie pigmentu za pomoc\u0105 mikro ostrza ( ang. blade) do <strong>warstwy kolczystej nask\u00f3rka. <\/strong>Zainspirowani trendem rynkowym stworzyli\u015bmy system Purebeau\u00a0 Microblading, kt\u00f3ry obejmuje komplementarnie ca\u0142y zabieg \u2013 od rysunku, anastezji, akcesori, rekoje\u015bci, sterylne ostrza r\u00f3\u017cnego rodzaju oraz specjelne pigmenty Hi Con &#8211; po produkty do piel\u0119gnacji zabiegowej. Microblading Purebeau HiCon Pigments &#8211; cechuje stabilno\u015b\u0107, niemiecka precyzja, najwy\u017csza jako\u015b\u0107 potwierdzona certyfikatami bezpiecze\u0144stwa i sterylno\u015bci, przeznaczone i stworzone zosta\u0142y one specjalnie dla tej metody. Od wielu lat d\u0105\u017cymy do tego, aby <strong>makija\u017c permanentny<\/strong> wygl\u0105da\u0142 jak najbardziej naturalnie.<\/p>\n<p>&nbsp;<\/p>\n","protected":false},"excerpt":{"rendered":"<p>Uchwyt do microbladingu R\u0105czka uchwyt do microbladingu Microblading jest pochochodz\u0105c\u0105 z Azji r\u0119czn\u0105 metod\u0105 pigmentacji, kt\u00f3ra zyska\u0142a uznanie na ca\u0142ym \u015bwiecie. Microblading &#8211; dok\u0142adniej, jest to wprowadzenie pigmentu za pomoc\u0105 mikro ostrza ( ang. blade) do warstwy kolczystej nask\u00f3rka. Zainspirowani trendem rynkowym stworzyli\u015bmy system Purebeau\u00a0 Microblading, kt\u00f3ry obejmuje komplementarnie ca\u0142y zabieg \u2013 od rysunku, anastezji, [&hellip;]<\/p>\n","protected":false},"featured_media":3626,"template":"","meta":{"_acf_changed":false},"product_brand":[],"product_cat":[160],"product_tag":[],"class_list":{"0":"post-500","1":"product","2":"type-product","3":"status-publish","4":"has-post-thumbnail","6":"product_cat-raczki-urzadzen","8":"first","9":"instock","10":"shipping-taxable","11":"purchasable","12":"product-type-simple"},"acf":[],"yoast_head":"<!-- This site is optimized with the Yoast SEO plugin v23.1 - https:\/\/yoast.com\/wordpress\/plugins\/seo\/ -->\n<title>Uchwyt do microbladingu | PureLine<\/title>\n<meta name=\"description\" content=\"Uchwyt do microbladingu | PureLine \u2764\ufe0f Najwy\u017csza jako\u015b\u0107 urz\u0105dze\u0144 do makija\u017cu permanentnego \u26a1 Szkolenia \u26a1 Wieloletnie do\u015bwiadczenie \u26a1 Zapraszamy do kontaktu!\" \/>\n<meta name=\"robots\" content=\"index, follow, max-snippet:-1, max-image-preview:large, max-video-preview:-1\" \/>\n<link rel=\"canonical\" href=\"https:\/\/pureline.com.pl\/index.php\/product\/raczka-uchwyt-do-microbladingu\/\" \/>\n<meta property=\"og:locale\" content=\"pl_PL\" \/>\n<meta property=\"og:type\" content=\"article\" \/>\n<meta property=\"og:title\" content=\"Uchwyt do microbladingu | PureLine\" \/>\n<meta property=\"og:description\" content=\"Uchwyt do microbladingu | PureLine \u2764\ufe0f Najwy\u017csza jako\u015b\u0107 urz\u0105dze\u0144 do makija\u017cu permanentnego \u26a1 Szkolenia \u26a1 Wieloletnie do\u015bwiadczenie \u26a1 Zapraszamy do kontaktu!\" \/>\n<meta property=\"og:url\" content=\"https:\/\/pureline.com.pl\/index.php\/product\/raczka-uchwyt-do-microbladingu\/\" \/>\n<meta property=\"og:site_name\" content=\"PureLine\" \/>\n<meta property=\"article:modified_time\" content=\"2022-11-04T13:09:15+00:00\" \/>\n<meta property=\"og:image\" content=\"https:\/\/pureline.com.pl\/wp-content\/uploads\/2021\/05\/raczka-mi.jpg\" \/>\n\t<meta property=\"og:image:width\" content=\"60\" \/>\n\t<meta property=\"og:image:height\" content=\"59\" \/>\n\t<meta property=\"og:image:type\" content=\"image\/jpeg\" \/>\n<meta name=\"twitter:card\" content=\"summary_large_image\" \/>\n<meta name=\"twitter:label1\" content=\"Szacowany czas czytania\" \/>\n\t<meta name=\"twitter:data1\" content=\"1 minuta\" \/>\n<script type=\"application\/ld+json\" class=\"yoast-schema-graph\">{\"@context\":\"https:\/\/schema.org\",\"@graph\":[{\"@type\":\"WebPage\",\"@id\":\"https:\/\/pureline.com.pl\/index.php\/product\/raczka-uchwyt-do-microbladingu\/\",\"url\":\"https:\/\/pureline.com.pl\/index.php\/product\/raczka-uchwyt-do-microbladingu\/\",\"name\":\"Uchwyt do microbladingu | PureLine\",\"isPartOf\":{\"@id\":\"https:\/\/pureline.com.pl\/#website\"},\"primaryImageOfPage\":{\"@id\":\"https:\/\/pureline.com.pl\/index.php\/product\/raczka-uchwyt-do-microbladingu\/#primaryimage\"},\"image\":{\"@id\":\"https:\/\/pureline.com.pl\/index.php\/product\/raczka-uchwyt-do-microbladingu\/#primaryimage\"},\"thumbnailUrl\":\"https:\/\/pureline.com.pl\/wp-content\/uploads\/2021\/05\/raczka-mi.jpg\",\"datePublished\":\"2017-03-17T10:59:51+00:00\",\"dateModified\":\"2022-11-04T13:09:15+00:00\",\"description\":\"Uchwyt do microbladingu | PureLine \u2764\ufe0f Najwy\u017csza jako\u015b\u0107 urz\u0105dze\u0144 do makija\u017cu permanentnego \u26a1 Szkolenia \u26a1 Wieloletnie do\u015bwiadczenie \u26a1 Zapraszamy do kontaktu!\",\"breadcrumb\":{\"@id\":\"https:\/\/pureline.com.pl\/index.php\/product\/raczka-uchwyt-do-microbladingu\/#breadcrumb\"},\"inLanguage\":\"pl-PL\",\"potentialAction\":[{\"@type\":\"ReadAction\",\"target\":[\"https:\/\/pureline.com.pl\/index.php\/product\/raczka-uchwyt-do-microbladingu\/\"]}]},{\"@type\":\"ImageObject\",\"inLanguage\":\"pl-PL\",\"@id\":\"https:\/\/pureline.com.pl\/index.php\/product\/raczka-uchwyt-do-microbladingu\/#primaryimage\",\"url\":\"https:\/\/pureline.com.pl\/wp-content\/uploads\/2021\/05\/raczka-mi.jpg\",\"contentUrl\":\"https:\/\/pureline.com.pl\/wp-content\/uploads\/2021\/05\/raczka-mi.jpg\",\"width\":60,\"height\":59},{\"@type\":\"BreadcrumbList\",\"@id\":\"https:\/\/pureline.com.pl\/index.php\/product\/raczka-uchwyt-do-microbladingu\/#breadcrumb\",\"itemListElement\":[{\"@type\":\"ListItem\",\"position\":1,\"name\":\"Strona g\u0142\u00f3wna\",\"item\":\"https:\/\/pureline.com.pl\/\"},{\"@type\":\"ListItem\",\"position\":2,\"name\":\"Sklep\",\"item\":\"https:\/\/pureline.com.pl\/index.php\/sklep\/\"},{\"@type\":\"ListItem\",\"position\":3,\"name\":\"Uchwyt do microbladingu\"}]},{\"@type\":\"WebSite\",\"@id\":\"https:\/\/pureline.com.pl\/#website\",\"url\":\"https:\/\/pureline.com.pl\/\",\"name\":\"PureLine\",\"description\":\"\",\"potentialAction\":[{\"@type\":\"SearchAction\",\"target\":{\"@type\":\"EntryPoint\",\"urlTemplate\":\"https:\/\/pureline.com.pl\/?s={search_term_string}\"},\"query-input\":\"required name=search_term_string\"}],\"inLanguage\":\"pl-PL\"}]}<\/script>\n<!-- \/ Yoast SEO plugin. -->","yoast_head_json":{"title":"Uchwyt do microbladingu | PureLine","description":"Uchwyt do microbladingu | PureLine \u2764\ufe0f Najwy\u017csza jako\u015b\u0107 urz\u0105dze\u0144 do makija\u017cu permanentnego \u26a1 Szkolenia \u26a1 Wieloletnie do\u015bwiadczenie \u26a1 Zapraszamy do kontaktu!","robots":{"index":"index","follow":"follow","max-snippet":"max-snippet:-1","max-image-preview":"max-image-preview:large","max-video-preview":"max-video-preview:-1"},"canonical":"https:\/\/pureline.com.pl\/index.php\/product\/raczka-uchwyt-do-microbladingu\/","og_locale":"pl_PL","og_type":"article","og_title":"Uchwyt do microbladingu | PureLine","og_description":"Uchwyt do microbladingu | PureLine \u2764\ufe0f Najwy\u017csza jako\u015b\u0107 urz\u0105dze\u0144 do makija\u017cu permanentnego \u26a1 Szkolenia \u26a1 Wieloletnie do\u015bwiadczenie \u26a1 Zapraszamy do kontaktu!","og_url":"https:\/\/pureline.com.pl\/index.php\/product\/raczka-uchwyt-do-microbladingu\/","og_site_name":"PureLine","article_modified_time":"2022-11-04T13:09:15+00:00","og_image":[{"width":60,"height":59,"url":"https:\/\/pureline.com.pl\/wp-content\/uploads\/2021\/05\/raczka-mi.jpg","type":"image\/jpeg"}],"twitter_card":"summary_large_image","twitter_misc":{"Szacowany czas czytania":"1 minuta"},"schema":{"@context":"https:\/\/schema.org","@graph":[{"@type":"WebPage","@id":"https:\/\/pureline.com.pl\/index.php\/product\/raczka-uchwyt-do-microbladingu\/","url":"https:\/\/pureline.com.pl\/index.php\/product\/raczka-uchwyt-do-microbladingu\/","name":"Uchwyt do microbladingu | PureLine","isPartOf":{"@id":"https:\/\/pureline.com.pl\/#website"},"primaryImageOfPage":{"@id":"https:\/\/pureline.com.pl\/index.php\/product\/raczka-uchwyt-do-microbladingu\/#primaryimage"},"image":{"@id":"https:\/\/pureline.com.pl\/index.php\/product\/raczka-uchwyt-do-microbladingu\/#primaryimage"},"thumbnailUrl":"https:\/\/pureline.com.pl\/wp-content\/uploads\/2021\/05\/raczka-mi.jpg","datePublished":"2017-03-17T10:59:51+00:00","dateModified":"2022-11-04T13:09:15+00:00","description":"Uchwyt do microbladingu | PureLine \u2764\ufe0f Najwy\u017csza jako\u015b\u0107 urz\u0105dze\u0144 do makija\u017cu permanentnego \u26a1 Szkolenia \u26a1 Wieloletnie do\u015bwiadczenie \u26a1 Zapraszamy do kontaktu!","breadcrumb":{"@id":"https:\/\/pureline.com.pl\/index.php\/product\/raczka-uchwyt-do-microbladingu\/#breadcrumb"},"inLanguage":"pl-PL","potentialAction":[{"@type":"ReadAction","target":["https:\/\/pureline.com.pl\/index.php\/product\/raczka-uchwyt-do-microbladingu\/"]}]},{"@type":"ImageObject","inLanguage":"pl-PL","@id":"https:\/\/pureline.com.pl\/index.php\/product\/raczka-uchwyt-do-microbladingu\/#primaryimage","url":"https:\/\/pureline.com.pl\/wp-content\/uploads\/2021\/05\/raczka-mi.jpg","contentUrl":"https:\/\/pureline.com.pl\/wp-content\/uploads\/2021\/05\/raczka-mi.jpg","width":60,"height":59},{"@type":"BreadcrumbList","@id":"https:\/\/pureline.com.pl\/index.php\/product\/raczka-uchwyt-do-microbladingu\/#breadcrumb","itemListElement":[{"@type":"ListItem","position":1,"name":"Strona g\u0142\u00f3wna","item":"https:\/\/pureline.com.pl\/"},{"@type":"ListItem","position":2,"name":"Sklep","item":"https:\/\/pureline.com.pl\/index.php\/sklep\/"},{"@type":"ListItem","position":3,"name":"Uchwyt do microbladingu"}]},{"@type":"WebSite","@id":"https:\/\/pureline.com.pl\/#website","url":"https:\/\/pureline.com.pl\/","name":"PureLine","description":"","potentialAction":[{"@type":"SearchAction","target":{"@type":"EntryPoint","urlTemplate":"https:\/\/pureline.com.pl\/?s={search_term_string}"},"query-input":"required name=search_term_string"}],"inLanguage":"pl-PL"}]}},"_links":{"self":[{"href":"https:\/\/pureline.com.pl\/index.php\/wp-json\/wp\/v2\/product\/500","targetHints":{"allow":["GET"]}}],"collection":[{"href":"https:\/\/pureline.com.pl\/index.php\/wp-json\/wp\/v2\/product"}],"about":[{"href":"https:\/\/pureline.com.pl\/index.php\/wp-json\/wp\/v2\/types\/product"}],"version-history":[{"count":5,"href":"https:\/\/pureline.com.pl\/index.php\/wp-json\/wp\/v2\/product\/500\/revisions"}],"predecessor-version":[{"id":4787,"href":"https:\/\/pureline.com.pl\/index.php\/wp-json\/wp\/v2\/product\/500\/revisions\/4787"}],"wp:featuredmedia":[{"embeddable":true,"href":"https:\/\/pureline.com.pl\/index.php\/wp-json\/wp\/v2\/media\/3626"}],"wp:attachment":[{"href":"https:\/\/pureline.com.pl\/index.php\/wp-json\/wp\/v2\/media?parent=500"}],"wp:term":[{"taxonomy":"product_brand","embeddable":true,"href":"https:\/\/pureline.com.pl\/index.php\/wp-json\/wp\/v2\/product_brand?post=500"},{"taxonomy":"product_cat","embeddable":true,"href":"https:\/\/pureline.com.pl\/index.php\/wp-json\/wp\/v2\/product_cat?post=500"},{"taxonomy":"product_tag","embeddable":true,"href":"https:\/\/pureline.com.pl\/index.php\/wp-json\/wp\/v2\/product_tag?post=500"}],"curies":[{"name":"wp","href":"https:\/\/api.w.org\/{rel}","templated":true}]}}