{"id":1072,"date":"2021-05-20T11:26:36","date_gmt":"2021-05-20T09:26:36","guid":{"rendered":"http:\/\/pureline2.dkonto.pl\/?post_type=product&#038;p=1072"},"modified":"2023-10-26T15:16:07","modified_gmt":"2023-10-26T13:16:07","slug":"pureline-p400-cartridge","status":"publish","type":"product","link":"https:\/\/pureline.com.pl\/index.php\/product\/pureline-p400-cartridge\/","title":{"rendered":"Urz\u0105dzenie do makija\u017cu permanentnego P400 Cartridge"},"content":{"rendered":"<p>Inspiracja wysok\u0105 jako\u015bci\u0105, najnowsz\u0105 technologi\u0105 i materia\u0142ami doprowadzi\u0142a do powstania PureLine P400<\/p>\n<p>Niepowtarzalny design oprawiony zosta\u0142 w aluminiow\u0105 obudow\u0119 zapewniaj\u0105c\u0105 \u0142atwo\u015b\u0107, bezpiecze\u0144stwo i higien\u0119 obs\u0142ugi.<\/p>\n<p>Kompaktowe wymiary sprawiaj\u0105 \u017ce P400 mo\u017ce by\u0107 urz\u0105dzeniem mobilnym<\/p>\n<p>Cyfrowo sterowana pr\u0119dko\u015b\u0107 mo\u017ce zosta\u0107 perfekcyjnie dostosowana i wybrana do danego obszaru mikro-pigmentacji w dziewi\u0119tnastu ro\u017cnych zakresach pr\u0119dko\u015bci od 30 do 210 Hz<\/p>\n<p>Urz\u0105dzenie posiada cztery zaprogramowane tryby pracy : brwi , usta , kreski , mezoterapia mikro ig\u0142owa . Wszystkie tryby pracy maj\u0105 mo\u017cliwo\u015b\u0107 manualnej zmiany pr\u0119dko\u015bci<\/p>\n<p>Dotykowy wy\u015bwietlacz zapewnia \u0142atwo\u015b\u0107 obs\u0142ugi oraz sterylna prac\u0119<\/p>\n<p>Zastosowanie:<\/p>\n<ul>\n<li>makija\u017c permanentny<\/li>\n<li>mezoterapia mikro ig\u0142owa<\/li>\n<\/ul>\n<p>Rodzaje Igie\u0142 :<\/p>\n<p>Kardrid\u017c &#8211; R , RL, RS, F , SF, MG, MTS<\/p>\n<p>Bezpiecze\u0144stwo i higiena<\/p>\n<p>Aparat i r\u0105czka wymagaj\u0105 tylko dezynfekcji zewn\u0119trznej. Wszystkie materia\u0142y u\u017cywane podczas zabiegu \u2013 ig\u0142y,\u00a0 pojemniki na pigmenty s\u0105 sterylne medycznie i jednorazowe.<\/p>\n<p>Urz\u0105dzenie spe\u0142nia normy CE,<\/p>\n<p>Zestaw zawiera :<\/p>\n<ul>\n<li>jednostka steruj\u0105ca<\/li>\n<li>r\u0105czka kardrid\u017c<\/li>\n<li>10 igie\u0142 1R- 0,30<\/li>\n<li>zasilacz<\/li>\n<li>podr\u0119czne opakowanie<\/li>\n<\/ul>\n<p>Dane techniczne:<\/p>\n<ul>\n<li>wymiary: 14cm \/7cm \/1,5cm<\/li>\n<li>waga 160 gr<\/li>\n<\/ul>\n","protected":false},"excerpt":{"rendered":"<h3><strong>Urz\u0105dzenie do makija\u017cu permanentnego P400 Cartridge<\/strong><\/h3>\n","protected":false},"featured_media":3724,"template":"","meta":{"_acf_changed":false},"product_brand":[],"product_cat":[155,162],"product_tag":[],"class_list":{"0":"post-1072","1":"product","2":"type-product","3":"status-publish","4":"has-post-thumbnail","6":"product_cat-urzadzenia-do-makijazu-permanentnego","7":"product_cat-urzadzenia-pureline","9":"first","10":"instock","11":"shipping-taxable","12":"purchasable","13":"product-type-simple"},"acf":[],"yoast_head":"<!-- This site is optimized with the Yoast SEO plugin v23.1 - https:\/\/yoast.com\/wordpress\/plugins\/seo\/ -->\n<title>Urz\u0105dzenie do makija\u017cu permanentnego P400 Cartridge | PureLine<\/title>\n<meta name=\"description\" content=\"Urz\u0105dzenie do makija\u017cu permanentnego P400 Cartridge | PureLine \u2764\ufe0f Najwy\u017csza jako\u015b\u0107 urz\u0105dze\u0144 do makija\u017cu permanentnego \u26a1 Szkolenia \u26a1 Wieloletnie do\u015bwiadczenie \u26a1 Zapraszamy do kontaktu!\" \/>\n<meta name=\"robots\" content=\"index, follow, max-snippet:-1, max-image-preview:large, max-video-preview:-1\" \/>\n<link rel=\"canonical\" href=\"https:\/\/pureline.com.pl\/index.php\/product\/pureline-p400-cartridge\/\" \/>\n<meta property=\"og:locale\" content=\"pl_PL\" \/>\n<meta property=\"og:type\" content=\"article\" \/>\n<meta property=\"og:title\" content=\"Urz\u0105dzenie do makija\u017cu permanentnego P400 Cartridge | PureLine\" \/>\n<meta property=\"og:description\" content=\"Urz\u0105dzenie do makija\u017cu permanentnego P400 Cartridge | PureLine \u2764\ufe0f Najwy\u017csza jako\u015b\u0107 urz\u0105dze\u0144 do makija\u017cu permanentnego \u26a1 Szkolenia \u26a1 Wieloletnie do\u015bwiadczenie \u26a1 Zapraszamy do kontaktu!\" \/>\n<meta property=\"og:url\" content=\"https:\/\/pureline.com.pl\/index.php\/product\/pureline-p400-cartridge\/\" \/>\n<meta property=\"og:site_name\" content=\"PureLine\" \/>\n<meta property=\"article:modified_time\" content=\"2023-10-26T13:16:07+00:00\" \/>\n<meta property=\"og:image\" content=\"https:\/\/pureline.com.pl\/wp-content\/uploads\/2021\/05\/Panel-5.png\" \/>\n\t<meta property=\"og:image:width\" content=\"2464\" \/>\n\t<meta property=\"og:image:height\" content=\"1632\" \/>\n\t<meta property=\"og:image:type\" content=\"image\/png\" \/>\n<meta name=\"twitter:card\" content=\"summary_large_image\" \/>\n<meta name=\"twitter:label1\" content=\"Szacowany czas czytania\" \/>\n\t<meta name=\"twitter:data1\" content=\"1 minuta\" \/>\n<script type=\"application\/ld+json\" class=\"yoast-schema-graph\">{\"@context\":\"https:\/\/schema.org\",\"@graph\":[{\"@type\":\"WebPage\",\"@id\":\"https:\/\/pureline.com.pl\/index.php\/product\/pureline-p400-cartridge\/\",\"url\":\"https:\/\/pureline.com.pl\/index.php\/product\/pureline-p400-cartridge\/\",\"name\":\"Urz\u0105dzenie do makija\u017cu permanentnego P400 Cartridge | PureLine\",\"isPartOf\":{\"@id\":\"https:\/\/pureline.com.pl\/#website\"},\"primaryImageOfPage\":{\"@id\":\"https:\/\/pureline.com.pl\/index.php\/product\/pureline-p400-cartridge\/#primaryimage\"},\"image\":{\"@id\":\"https:\/\/pureline.com.pl\/index.php\/product\/pureline-p400-cartridge\/#primaryimage\"},\"thumbnailUrl\":\"https:\/\/pureline.com.pl\/wp-content\/uploads\/2021\/05\/Panel-5.png\",\"datePublished\":\"2021-05-20T09:26:36+00:00\",\"dateModified\":\"2023-10-26T13:16:07+00:00\",\"description\":\"Urz\u0105dzenie do makija\u017cu permanentnego P400 Cartridge | PureLine \u2764\ufe0f Najwy\u017csza jako\u015b\u0107 urz\u0105dze\u0144 do makija\u017cu permanentnego \u26a1 Szkolenia \u26a1 Wieloletnie do\u015bwiadczenie \u26a1 Zapraszamy do kontaktu!\",\"breadcrumb\":{\"@id\":\"https:\/\/pureline.com.pl\/index.php\/product\/pureline-p400-cartridge\/#breadcrumb\"},\"inLanguage\":\"pl-PL\",\"potentialAction\":[{\"@type\":\"ReadAction\",\"target\":[\"https:\/\/pureline.com.pl\/index.php\/product\/pureline-p400-cartridge\/\"]}]},{\"@type\":\"ImageObject\",\"inLanguage\":\"pl-PL\",\"@id\":\"https:\/\/pureline.com.pl\/index.php\/product\/pureline-p400-cartridge\/#primaryimage\",\"url\":\"https:\/\/pureline.com.pl\/wp-content\/uploads\/2021\/05\/Panel-5.png\",\"contentUrl\":\"https:\/\/pureline.com.pl\/wp-content\/uploads\/2021\/05\/Panel-5.png\",\"width\":2464,\"height\":1632,\"caption\":\"Urz\u0105dzenia do makija\u017cu permanentnego\"},{\"@type\":\"BreadcrumbList\",\"@id\":\"https:\/\/pureline.com.pl\/index.php\/product\/pureline-p400-cartridge\/#breadcrumb\",\"itemListElement\":[{\"@type\":\"ListItem\",\"position\":1,\"name\":\"Strona g\u0142\u00f3wna\",\"item\":\"https:\/\/pureline.com.pl\/\"},{\"@type\":\"ListItem\",\"position\":2,\"name\":\"Sklep\",\"item\":\"https:\/\/pureline.com.pl\/index.php\/sklep\/\"},{\"@type\":\"ListItem\",\"position\":3,\"name\":\"Urz\u0105dzenie do makija\u017cu permanentnego P400 Cartridge\"}]},{\"@type\":\"WebSite\",\"@id\":\"https:\/\/pureline.com.pl\/#website\",\"url\":\"https:\/\/pureline.com.pl\/\",\"name\":\"PureLine\",\"description\":\"\",\"potentialAction\":[{\"@type\":\"SearchAction\",\"target\":{\"@type\":\"EntryPoint\",\"urlTemplate\":\"https:\/\/pureline.com.pl\/?s={search_term_string}\"},\"query-input\":\"required name=search_term_string\"}],\"inLanguage\":\"pl-PL\"}]}<\/script>\n<!-- \/ Yoast SEO plugin. -->","yoast_head_json":{"title":"Urz\u0105dzenie do makija\u017cu permanentnego P400 Cartridge | PureLine","description":"Urz\u0105dzenie do makija\u017cu permanentnego P400 Cartridge | PureLine \u2764\ufe0f Najwy\u017csza jako\u015b\u0107 urz\u0105dze\u0144 do makija\u017cu permanentnego \u26a1 Szkolenia \u26a1 Wieloletnie do\u015bwiadczenie \u26a1 Zapraszamy do kontaktu!","robots":{"index":"index","follow":"follow","max-snippet":"max-snippet:-1","max-image-preview":"max-image-preview:large","max-video-preview":"max-video-preview:-1"},"canonical":"https:\/\/pureline.com.pl\/index.php\/product\/pureline-p400-cartridge\/","og_locale":"pl_PL","og_type":"article","og_title":"Urz\u0105dzenie do makija\u017cu permanentnego P400 Cartridge | PureLine","og_description":"Urz\u0105dzenie do makija\u017cu permanentnego P400 Cartridge | PureLine \u2764\ufe0f Najwy\u017csza jako\u015b\u0107 urz\u0105dze\u0144 do makija\u017cu permanentnego \u26a1 Szkolenia \u26a1 Wieloletnie do\u015bwiadczenie \u26a1 Zapraszamy do kontaktu!","og_url":"https:\/\/pureline.com.pl\/index.php\/product\/pureline-p400-cartridge\/","og_site_name":"PureLine","article_modified_time":"2023-10-26T13:16:07+00:00","og_image":[{"width":2464,"height":1632,"url":"https:\/\/pureline.com.pl\/wp-content\/uploads\/2021\/05\/Panel-5.png","type":"image\/png"}],"twitter_card":"summary_large_image","twitter_misc":{"Szacowany czas czytania":"1 minuta"},"schema":{"@context":"https:\/\/schema.org","@graph":[{"@type":"WebPage","@id":"https:\/\/pureline.com.pl\/index.php\/product\/pureline-p400-cartridge\/","url":"https:\/\/pureline.com.pl\/index.php\/product\/pureline-p400-cartridge\/","name":"Urz\u0105dzenie do makija\u017cu permanentnego P400 Cartridge | PureLine","isPartOf":{"@id":"https:\/\/pureline.com.pl\/#website"},"primaryImageOfPage":{"@id":"https:\/\/pureline.com.pl\/index.php\/product\/pureline-p400-cartridge\/#primaryimage"},"image":{"@id":"https:\/\/pureline.com.pl\/index.php\/product\/pureline-p400-cartridge\/#primaryimage"},"thumbnailUrl":"https:\/\/pureline.com.pl\/wp-content\/uploads\/2021\/05\/Panel-5.png","datePublished":"2021-05-20T09:26:36+00:00","dateModified":"2023-10-26T13:16:07+00:00","description":"Urz\u0105dzenie do makija\u017cu permanentnego P400 Cartridge | PureLine \u2764\ufe0f Najwy\u017csza jako\u015b\u0107 urz\u0105dze\u0144 do makija\u017cu permanentnego \u26a1 Szkolenia \u26a1 Wieloletnie do\u015bwiadczenie \u26a1 Zapraszamy do kontaktu!","breadcrumb":{"@id":"https:\/\/pureline.com.pl\/index.php\/product\/pureline-p400-cartridge\/#breadcrumb"},"inLanguage":"pl-PL","potentialAction":[{"@type":"ReadAction","target":["https:\/\/pureline.com.pl\/index.php\/product\/pureline-p400-cartridge\/"]}]},{"@type":"ImageObject","inLanguage":"pl-PL","@id":"https:\/\/pureline.com.pl\/index.php\/product\/pureline-p400-cartridge\/#primaryimage","url":"https:\/\/pureline.com.pl\/wp-content\/uploads\/2021\/05\/Panel-5.png","contentUrl":"https:\/\/pureline.com.pl\/wp-content\/uploads\/2021\/05\/Panel-5.png","width":2464,"height":1632,"caption":"Urz\u0105dzenia do makija\u017cu permanentnego"},{"@type":"BreadcrumbList","@id":"https:\/\/pureline.com.pl\/index.php\/product\/pureline-p400-cartridge\/#breadcrumb","itemListElement":[{"@type":"ListItem","position":1,"name":"Strona g\u0142\u00f3wna","item":"https:\/\/pureline.com.pl\/"},{"@type":"ListItem","position":2,"name":"Sklep","item":"https:\/\/pureline.com.pl\/index.php\/sklep\/"},{"@type":"ListItem","position":3,"name":"Urz\u0105dzenie do makija\u017cu permanentnego P400 Cartridge"}]},{"@type":"WebSite","@id":"https:\/\/pureline.com.pl\/#website","url":"https:\/\/pureline.com.pl\/","name":"PureLine","description":"","potentialAction":[{"@type":"SearchAction","target":{"@type":"EntryPoint","urlTemplate":"https:\/\/pureline.com.pl\/?s={search_term_string}"},"query-input":"required name=search_term_string"}],"inLanguage":"pl-PL"}]}},"_links":{"self":[{"href":"https:\/\/pureline.com.pl\/index.php\/wp-json\/wp\/v2\/product\/1072","targetHints":{"allow":["GET"]}}],"collection":[{"href":"https:\/\/pureline.com.pl\/index.php\/wp-json\/wp\/v2\/product"}],"about":[{"href":"https:\/\/pureline.com.pl\/index.php\/wp-json\/wp\/v2\/types\/product"}],"version-history":[{"count":10,"href":"https:\/\/pureline.com.pl\/index.php\/wp-json\/wp\/v2\/product\/1072\/revisions"}],"predecessor-version":[{"id":6815,"href":"https:\/\/pureline.com.pl\/index.php\/wp-json\/wp\/v2\/product\/1072\/revisions\/6815"}],"wp:featuredmedia":[{"embeddable":true,"href":"https:\/\/pureline.com.pl\/index.php\/wp-json\/wp\/v2\/media\/3724"}],"wp:attachment":[{"href":"https:\/\/pureline.com.pl\/index.php\/wp-json\/wp\/v2\/media?parent=1072"}],"wp:term":[{"taxonomy":"product_brand","embeddable":true,"href":"https:\/\/pureline.com.pl\/index.php\/wp-json\/wp\/v2\/product_brand?post=1072"},{"taxonomy":"product_cat","embeddable":true,"href":"https:\/\/pureline.com.pl\/index.php\/wp-json\/wp\/v2\/product_cat?post=1072"},{"taxonomy":"product_tag","embeddable":true,"href":"https:\/\/pureline.com.pl\/index.php\/wp-json\/wp\/v2\/product_tag?post=1072"}],"curies":[{"name":"wp","href":"https:\/\/api.w.org\/{rel}","templated":true}]}}