{"id":1036,"date":"2021-04-22T14:39:47","date_gmt":"2021-04-22T12:39:47","guid":{"rendered":"http:\/\/pureline2.dkonto.pl\/?post_type=product&#038;p=1036"},"modified":"2023-12-01T15:03:25","modified_gmt":"2023-12-01T14:03:25","slug":"laser-do-usuwania-mak-permanentnego","status":"publish","type":"product","link":"https:\/\/pureline.com.pl\/index.php\/product\/laser-do-usuwania-mak-permanentnego\/","title":{"rendered":"Laser do usuwania makija\u017cu permanentnego i  tatua\u017cu Nd Yag Q-swich"},"content":{"rendered":"\t\t<div data-elementor-type=\"wp-post\" data-elementor-id=\"1036\" class=\"elementor elementor-1036\" data-elementor-post-type=\"product\">\n\t\t\t\t\t\t<section class=\"elementor-section elementor-top-section elementor-element elementor-element-1608e553 elementor-section-boxed elementor-section-height-default elementor-section-height-default\" data-id=\"1608e553\" data-element_type=\"section\">\n\t\t\t\t\t\t<div class=\"elementor-container elementor-column-gap-default\">\n\t\t\t\t\t<div class=\"elementor-column elementor-col-100 elementor-top-column elementor-element elementor-element-71210fb6\" data-id=\"71210fb6\" data-element_type=\"column\">\n\t\t\t<div class=\"elementor-widget-wrap elementor-element-populated\">\n\t\t\t\t\t\t<div class=\"elementor-element elementor-element-f1caaca elementor-widget elementor-widget-video\" data-id=\"f1caaca\" data-element_type=\"widget\" data-settings=\"{&quot;video_type&quot;:&quot;hosted&quot;,&quot;autoplay&quot;:&quot;yes&quot;,&quot;play_on_mobile&quot;:&quot;yes&quot;,&quot;controls&quot;:&quot;yes&quot;}\" data-widget_type=\"video.default\">\n\t\t\t\t<div class=\"elementor-widget-container\">\n\t\t\t\t\t<div class=\"e-hosted-video elementor-wrapper elementor-open-inline\">\n\t\t\t\t\t<video class=\"elementor-video\" src=\"https:\/\/pureline.com.pl\/wp-content\/uploads\/2021\/04\/Laser-usuwanie-.mov\" autoplay=\"\" controls=\"\" playsinline=\"\" controlsList=\"nodownload\"><\/video>\n\t\t\t\t<\/div>\n\t\t\t\t<\/div>\n\t\t\t\t<\/div>\n\t\t\t\t<div class=\"elementor-element elementor-element-48caf678 elementor-widget elementor-widget-text-editor\" data-id=\"48caf678\" data-element_type=\"widget\" data-widget_type=\"text-editor.default\">\n\t\t\t\t<div class=\"elementor-widget-container\">\n\t\t\t\t\t\t\t<h2 style=\"font-size: 21.25px;\">Laser do usuwania Makija\u017cu permanentnego oraz tatua\u017cu &#8211; Nd Yag Q-swich<\/h2>\n<p>Usuwanie makija\u017cu permanentnego laserem oraz likwidowanie tatua\u017cy silnie skupion\u0105 wi\u0105zk\u0105 \u015bwiat\u0142a stosowan\u0105 w tych urz\u0105dzeniach jest bezpieczniejsze, efektywniejsze i bardziej precyzyjne ni\u017c tradycyjne metody pozbywania si\u0119 niechcianych zmian na sk\u00f3rze (chemiczna, mechaniczna). Zastosowanie lasera Q-Swich zmniejsza mo\u017cliwo\u015b\u0107 powstawania blizn i eliminuje ryzyko infekcji, kt\u00f3re w klasycznych metodach by\u0142o zagro\u017ceniem nr 1. Konstrukcja lasera, dzi\u0119ki u\u017cyciu systemu filtr\u00f3w, umo\u017cliwia emisj\u0119 bardzo kr\u00f3tkich impuls\u00f3w \u015bwiat\u0142a (nanosekundy) o r\u00f3\u017cnych d\u0142ugo\u015bciach fali. Dzi\u0119ki temu urz\u0105dzenie sprawnie i trwale usuwa ciemne i jasne tatua\u017ce.<\/p>\n<h2>Jak dzia\u0142a laser ?<\/h2>\n<p>Laser Q-Switch emituje \u015bwiat\u0142o przy bardzo du\u017cej energii. Jest ono selektywnie poch\u0142aniane przez pigmenty, co w efekcie prowadzi do ich rozbicia na ma\u0142e cz\u0105steczki. Cz\u0119\u015b\u0107 z nich jest natychmiastowo usuwana (p\u0142ytkie partie nask\u00f3rka), pozosta\u0142e wch\u0142aniane s\u0105 przez organizm (g\u0142\u0119bsze warstwy sk\u00f3ry), metabolizowane i usuwane przez uk\u0142ad immunologiczny.<\/p>\n<p>Okre\u015blone d\u0142ugo\u015bci fal absorbowane s\u0105 wy\u0142\u0105cznie przez cz\u0105steczki pigmentu, nie ma zatem ryzyka trwa\u0142ego, b\u0105d\u017a czasowego uszczerbku zdrowych, granicz\u0105cych z pigmentem tkanek.<\/p>\n<p>Laser wyposa\u017cony zosta\u0142 w ergonomiczn\u0105 i wydajn\u0105 g\u0142owic\u0119, dzi\u0119ki kt\u00f3rej mo\u017cna mie\u0107 pewno\u015b\u0107, \u017ce w trakcie wykonywania zabiegu zawsze pozostanie du\u017cy zapas mocy. Wp\u0142ywa to jednocze\u015bnie na \u017cywotno\u015b\u0107 g\u0142owicy i urz\u0105dzenia. Dopasowany do d\u0142oni kszta\u0142t umo\u017cliwia zachowanie precyzji nawet podczas d\u0142ugiej pracy.<\/p>\n<p>Efekty zabiegu zauwa\u017calne s\u0105 ju\u017c po pierwszej sesji. Ca\u0142kowite usuni\u0119cie tatua\u017cy wymaga jednak kilku zabieg\u00f3w. W przypadku profesjonalnych tatua\u017cy (barwnik podany jest g\u0119sto na okre\u015blonej g\u0142\u0119boko\u015bci sk\u00f3ry) jest to zwykle od 6 do 8 sesji. Amatorskie tatua\u017ce wymuszaj\u0105 konieczno\u015b\u0107 od 4 do 5 powt\u00f3rze\u0144. Nale\u017cy przy tym pami\u0119ta\u0107 o zachowaniu odpowiednich przerw pomi\u0119dzy poszczeg\u00f3lnymi zabiegami. Czas na regeneracj\u0119 tkanek i usuni\u0119cie rozbitego na cz\u0105steczki pigmentu to oko\u0142o 6-8 tygodni. Ostateczna liczba zabieg\u00f3w zale\u017cy r\u00f3wnie\u017c od czynnik\u00f3w, takich jak:<\/p>\n<ul>\n<li>wielko\u015bci tatua\u017cu;<\/li>\n<li>ilo\u015bci wyst\u0119puj\u0105cych w nim kolor\u00f3w;<\/li>\n<li>g\u0119sto\u015b\u0107 i rodzaj barwnika;<\/li>\n<li>g\u0142\u0119boko\u015b\u0107 umieszczenia pigmentu;<\/li>\n<li>kolor sk\u00f3ry.<\/li>\n<\/ul>\n<h2>&nbsp;zastosowanie lasera&nbsp;<\/h2>\n<p>System Q-Swich ND Yag to laser do usuwania:<\/p>\n<ul>\n<li>makija\u017cu permanentnego;<\/li>\n<li>tatua\u017cy;<\/li>\n<li>nienaturalnej pigmentacji;<\/li>\n<li>przebarwie\u0144.<\/li>\n<\/ul>\n<p>Odpowiedni dob\u00f3r ko\u0144c\u00f3wki umo\u017cliwia r\u00f3wnie\u017c usuwanie brwi laserem Q-Swich, a tak\u017ce odm\u0142adzanie sk\u00f3ry (peeling w\u0119glowy) i oczyszczanie jej z zatkanych por\u00f3w.<\/p>\n<p>Urz\u0105dzenie jest zatem doskona\u0142ym rozwi\u0105zaniem dla studia tatua\u017cu i salon\u00f3w kosmetycznych.<\/p>\n<p>Laser ND Yag to wszechstronny produkt do usuwania tatua\u017cu w najlepszej cenie.<\/p>\n<h2>&nbsp;zawarto\u015b\u0107 zestawu Q-Swich ND Yag<\/h2>\n<p>Cena urz\u0105dzenia obejmuje r\u00f3wnie\u017c trzy ko\u0144c\u00f3wki, kt\u00f3re znajduj\u0105 si\u0119 w zestawie.<\/p>\n<ol>\n<li>1030 nm \u2013 ta d\u0142ugo\u015b\u0107 fali u\u017cywana jest w zabiegu peelingu w\u0119glowego oraz oczyszczania sk\u00f3ry.<\/li>\n<li>1064 nm \u2013 do usuwania pigment\u00f3w w kolorze czarnym, niebieskim, br\u0105zowym i innych ciemnych barwach.<\/li>\n<li>532 nm \u2013 do usuwania pigment\u00f3w w kolorze czerwonym, pomara\u0144czowym, r\u00f3\u017cowym i innych ja\u015bniejszych barwach.<\/li>\n<\/ol>\n<h3>Dane techniczne<\/h3>\n<p>Pob\u00f3r mocy \u2013 500 W<\/p>\n<p>D\u0142ugo\u015b\u0107 fali \u2013 1030 nm, 1064 nm, 532 nm<\/p>\n<p>Energia impulsu \u2013 1000 mJ\/cm2 (maksymalnie 2000 mJ\/cm2)<\/p>\n<p>Wielko\u015b\u0107 plamki \u2013 regulowana w zakresie 1-10 mm<\/p>\n<p>Czas trwania impulsu \u2013 20-30 ns<\/p>\n<p>Cz\u0119stotliwo\u015b\u0107 \u2013 1-10 Hz<\/p>\n<p>Wy\u015bwietlacz \u2013 dotykowy LCD o przek\u0105tnej 10,4<\/p>\n<p>Menu \u2013 j\u0119zyk polski<\/p>\n<p>System ch\u0142odzenia \u2013 cyrkulacja wody\/ch\u0142odzenie ch\u0142odnicy powietrza ze skraplaczem<\/p>\n<p>Czas pracy \u2013 mo\u017cliwa praca ci\u0105g\u0142a przez 12 godzin<\/p>\n<p align=\"JUSTIFY\"><span style=\"color: #000000;\"><span style=\"font-family: Meiryo UI, serif;\"><span lang=\"pl-PL\">&nbsp;<\/span><\/span><\/span><\/p>\t\t\t\t\t\t<\/div>\n\t\t\t\t<\/div>\n\t\t\t\t\t<\/div>\n\t\t<\/div>\n\t\t\t\t\t<\/div>\n\t\t<\/section>\n\t\t\t\t<\/div>\n\t\t","protected":false},"excerpt":{"rendered":"<p>https:\/\/pureline.com.pl\/wp-content\/uploads\/2021\/04\/Laser-usuwanie-.mov Laser do usuwania Makija\u017cu permanentnego oraz tatua\u017cu &#8211; Nd Yag Q-swich Usuwanie makija\u017cu permanentnego laserem oraz likwidowanie tatua\u017cy silnie skupion\u0105 wi\u0105zk\u0105 \u015bwiat\u0142a stosowan\u0105 w tych urz\u0105dzeniach jest bezpieczniejsze, efektywniejsze i bardziej precyzyjne ni\u017c tradycyjne metody pozbywania si\u0119 niechcianych zmian na sk\u00f3rze (chemiczna, mechaniczna). Zastosowanie lasera Q-Swich zmniejsza mo\u017cliwo\u015b\u0107 powstawania blizn i eliminuje ryzyko infekcji, [&hellip;]<\/p>\n","protected":false},"featured_media":3712,"template":"","meta":{"_acf_changed":false},"product_brand":[],"product_cat":[156,186],"product_tag":[],"class_list":{"0":"post-1036","1":"product","2":"type-product","3":"status-publish","4":"has-post-thumbnail","6":"product_cat-lasery","7":"product_cat-urzadzenia-kosmetyczne","9":"first","10":"instock","11":"shipping-taxable","12":"purchasable","13":"product-type-simple"},"acf":[],"yoast_head":"<!-- This site is optimized with the Yoast SEO plugin v23.1 - https:\/\/yoast.com\/wordpress\/plugins\/seo\/ -->\n<title>Laser do usuwania tatua\u017cu cena - laser do usuwania makija\u017cu permanentnego | Purline<\/title>\n<meta name=\"description\" content=\"Laserowe usuwanie tatua\u017cy - najlepszy laser na pureline.com.pl \u2764\ufe0f Laser do usuwania makija\u017cu permanentnego \u2705 Laser do usuwania tatua\u017cu cena! Sprawd\u017a!\" \/>\n<meta name=\"robots\" content=\"index, follow, max-snippet:-1, max-image-preview:large, max-video-preview:-1\" \/>\n<link rel=\"canonical\" href=\"https:\/\/pureline.com.pl\/index.php\/product\/laser-do-usuwania-mak-permanentnego\/\" \/>\n<meta property=\"og:locale\" content=\"pl_PL\" \/>\n<meta property=\"og:type\" content=\"article\" \/>\n<meta property=\"og:title\" content=\"Laser do usuwania tatua\u017cu cena - laser do usuwania makija\u017cu permanentnego | Purline\" \/>\n<meta property=\"og:description\" content=\"Laserowe usuwanie tatua\u017cy - najlepszy laser na pureline.com.pl \u2764\ufe0f Laser do usuwania makija\u017cu permanentnego \u2705 Laser do usuwania tatua\u017cu cena! Sprawd\u017a!\" \/>\n<meta property=\"og:url\" content=\"https:\/\/pureline.com.pl\/index.php\/product\/laser-do-usuwania-mak-permanentnego\/\" \/>\n<meta property=\"og:site_name\" content=\"PureLine\" \/>\n<meta property=\"article:modified_time\" content=\"2023-12-01T14:03:25+00:00\" \/>\n<meta property=\"og:image\" content=\"https:\/\/pureline.com.pl\/wp-content\/uploads\/2021\/05\/Laser-1.png\" \/>\n\t<meta property=\"og:image:width\" content=\"1632\" \/>\n\t<meta property=\"og:image:height\" content=\"2464\" \/>\n\t<meta property=\"og:image:type\" content=\"image\/png\" \/>\n<meta name=\"twitter:card\" content=\"summary_large_image\" \/>\n<meta name=\"twitter:label1\" content=\"Szacowany czas czytania\" \/>\n\t<meta name=\"twitter:data1\" content=\"3 minuty\" \/>\n<script type=\"application\/ld+json\" class=\"yoast-schema-graph\">{\"@context\":\"https:\/\/schema.org\",\"@graph\":[{\"@type\":\"WebPage\",\"@id\":\"https:\/\/pureline.com.pl\/index.php\/product\/laser-do-usuwania-mak-permanentnego\/\",\"url\":\"https:\/\/pureline.com.pl\/index.php\/product\/laser-do-usuwania-mak-permanentnego\/\",\"name\":\"Laser do usuwania tatua\u017cu cena - laser do usuwania makija\u017cu permanentnego | Purline\",\"isPartOf\":{\"@id\":\"https:\/\/pureline.com.pl\/#website\"},\"primaryImageOfPage\":{\"@id\":\"https:\/\/pureline.com.pl\/index.php\/product\/laser-do-usuwania-mak-permanentnego\/#primaryimage\"},\"image\":{\"@id\":\"https:\/\/pureline.com.pl\/index.php\/product\/laser-do-usuwania-mak-permanentnego\/#primaryimage\"},\"thumbnailUrl\":\"https:\/\/pureline.com.pl\/wp-content\/uploads\/2021\/05\/Laser-1.png\",\"datePublished\":\"2021-04-22T12:39:47+00:00\",\"dateModified\":\"2023-12-01T14:03:25+00:00\",\"description\":\"Laserowe usuwanie tatua\u017cy - najlepszy laser na pureline.com.pl \u2764\ufe0f Laser do usuwania makija\u017cu permanentnego \u2705 Laser do usuwania tatua\u017cu cena! Sprawd\u017a!\",\"breadcrumb\":{\"@id\":\"https:\/\/pureline.com.pl\/index.php\/product\/laser-do-usuwania-mak-permanentnego\/#breadcrumb\"},\"inLanguage\":\"pl-PL\",\"potentialAction\":[{\"@type\":\"ReadAction\",\"target\":[\"https:\/\/pureline.com.pl\/index.php\/product\/laser-do-usuwania-mak-permanentnego\/\"]}]},{\"@type\":\"ImageObject\",\"inLanguage\":\"pl-PL\",\"@id\":\"https:\/\/pureline.com.pl\/index.php\/product\/laser-do-usuwania-mak-permanentnego\/#primaryimage\",\"url\":\"https:\/\/pureline.com.pl\/wp-content\/uploads\/2021\/05\/Laser-1.png\",\"contentUrl\":\"https:\/\/pureline.com.pl\/wp-content\/uploads\/2021\/05\/Laser-1.png\",\"width\":1632,\"height\":2464,\"caption\":\"laser do usuwania tatua\u017cu\"},{\"@type\":\"BreadcrumbList\",\"@id\":\"https:\/\/pureline.com.pl\/index.php\/product\/laser-do-usuwania-mak-permanentnego\/#breadcrumb\",\"itemListElement\":[{\"@type\":\"ListItem\",\"position\":1,\"name\":\"Strona g\u0142\u00f3wna\",\"item\":\"https:\/\/pureline.com.pl\/\"},{\"@type\":\"ListItem\",\"position\":2,\"name\":\"Sklep\",\"item\":\"https:\/\/pureline.com.pl\/index.php\/sklep\/\"},{\"@type\":\"ListItem\",\"position\":3,\"name\":\"Laser do usuwania makija\u017cu permanentnego i tatua\u017cu Nd Yag Q-swich\"}]},{\"@type\":\"WebSite\",\"@id\":\"https:\/\/pureline.com.pl\/#website\",\"url\":\"https:\/\/pureline.com.pl\/\",\"name\":\"PureLine\",\"description\":\"\",\"potentialAction\":[{\"@type\":\"SearchAction\",\"target\":{\"@type\":\"EntryPoint\",\"urlTemplate\":\"https:\/\/pureline.com.pl\/?s={search_term_string}\"},\"query-input\":\"required name=search_term_string\"}],\"inLanguage\":\"pl-PL\"}]}<\/script>\n<!-- \/ Yoast SEO plugin. -->","yoast_head_json":{"title":"Laser do usuwania tatua\u017cu cena - laser do usuwania makija\u017cu permanentnego | Purline","description":"Laserowe usuwanie tatua\u017cy - najlepszy laser na pureline.com.pl \u2764\ufe0f Laser do usuwania makija\u017cu permanentnego \u2705 Laser do usuwania tatua\u017cu cena! Sprawd\u017a!","robots":{"index":"index","follow":"follow","max-snippet":"max-snippet:-1","max-image-preview":"max-image-preview:large","max-video-preview":"max-video-preview:-1"},"canonical":"https:\/\/pureline.com.pl\/index.php\/product\/laser-do-usuwania-mak-permanentnego\/","og_locale":"pl_PL","og_type":"article","og_title":"Laser do usuwania tatua\u017cu cena - laser do usuwania makija\u017cu permanentnego | Purline","og_description":"Laserowe usuwanie tatua\u017cy - najlepszy laser na pureline.com.pl \u2764\ufe0f Laser do usuwania makija\u017cu permanentnego \u2705 Laser do usuwania tatua\u017cu cena! Sprawd\u017a!","og_url":"https:\/\/pureline.com.pl\/index.php\/product\/laser-do-usuwania-mak-permanentnego\/","og_site_name":"PureLine","article_modified_time":"2023-12-01T14:03:25+00:00","og_image":[{"width":1632,"height":2464,"url":"https:\/\/pureline.com.pl\/wp-content\/uploads\/2021\/05\/Laser-1.png","type":"image\/png"}],"twitter_card":"summary_large_image","twitter_misc":{"Szacowany czas czytania":"3 minuty"},"schema":{"@context":"https:\/\/schema.org","@graph":[{"@type":"WebPage","@id":"https:\/\/pureline.com.pl\/index.php\/product\/laser-do-usuwania-mak-permanentnego\/","url":"https:\/\/pureline.com.pl\/index.php\/product\/laser-do-usuwania-mak-permanentnego\/","name":"Laser do usuwania tatua\u017cu cena - laser do usuwania makija\u017cu permanentnego | Purline","isPartOf":{"@id":"https:\/\/pureline.com.pl\/#website"},"primaryImageOfPage":{"@id":"https:\/\/pureline.com.pl\/index.php\/product\/laser-do-usuwania-mak-permanentnego\/#primaryimage"},"image":{"@id":"https:\/\/pureline.com.pl\/index.php\/product\/laser-do-usuwania-mak-permanentnego\/#primaryimage"},"thumbnailUrl":"https:\/\/pureline.com.pl\/wp-content\/uploads\/2021\/05\/Laser-1.png","datePublished":"2021-04-22T12:39:47+00:00","dateModified":"2023-12-01T14:03:25+00:00","description":"Laserowe usuwanie tatua\u017cy - najlepszy laser na pureline.com.pl \u2764\ufe0f Laser do usuwania makija\u017cu permanentnego \u2705 Laser do usuwania tatua\u017cu cena! Sprawd\u017a!","breadcrumb":{"@id":"https:\/\/pureline.com.pl\/index.php\/product\/laser-do-usuwania-mak-permanentnego\/#breadcrumb"},"inLanguage":"pl-PL","potentialAction":[{"@type":"ReadAction","target":["https:\/\/pureline.com.pl\/index.php\/product\/laser-do-usuwania-mak-permanentnego\/"]}]},{"@type":"ImageObject","inLanguage":"pl-PL","@id":"https:\/\/pureline.com.pl\/index.php\/product\/laser-do-usuwania-mak-permanentnego\/#primaryimage","url":"https:\/\/pureline.com.pl\/wp-content\/uploads\/2021\/05\/Laser-1.png","contentUrl":"https:\/\/pureline.com.pl\/wp-content\/uploads\/2021\/05\/Laser-1.png","width":1632,"height":2464,"caption":"laser do usuwania tatua\u017cu"},{"@type":"BreadcrumbList","@id":"https:\/\/pureline.com.pl\/index.php\/product\/laser-do-usuwania-mak-permanentnego\/#breadcrumb","itemListElement":[{"@type":"ListItem","position":1,"name":"Strona g\u0142\u00f3wna","item":"https:\/\/pureline.com.pl\/"},{"@type":"ListItem","position":2,"name":"Sklep","item":"https:\/\/pureline.com.pl\/index.php\/sklep\/"},{"@type":"ListItem","position":3,"name":"Laser do usuwania makija\u017cu permanentnego i tatua\u017cu Nd Yag Q-swich"}]},{"@type":"WebSite","@id":"https:\/\/pureline.com.pl\/#website","url":"https:\/\/pureline.com.pl\/","name":"PureLine","description":"","potentialAction":[{"@type":"SearchAction","target":{"@type":"EntryPoint","urlTemplate":"https:\/\/pureline.com.pl\/?s={search_term_string}"},"query-input":"required name=search_term_string"}],"inLanguage":"pl-PL"}]}},"_links":{"self":[{"href":"https:\/\/pureline.com.pl\/index.php\/wp-json\/wp\/v2\/product\/1036","targetHints":{"allow":["GET"]}}],"collection":[{"href":"https:\/\/pureline.com.pl\/index.php\/wp-json\/wp\/v2\/product"}],"about":[{"href":"https:\/\/pureline.com.pl\/index.php\/wp-json\/wp\/v2\/types\/product"}],"version-history":[{"count":24,"href":"https:\/\/pureline.com.pl\/index.php\/wp-json\/wp\/v2\/product\/1036\/revisions"}],"predecessor-version":[{"id":5702,"href":"https:\/\/pureline.com.pl\/index.php\/wp-json\/wp\/v2\/product\/1036\/revisions\/5702"}],"wp:featuredmedia":[{"embeddable":true,"href":"https:\/\/pureline.com.pl\/index.php\/wp-json\/wp\/v2\/media\/3712"}],"wp:attachment":[{"href":"https:\/\/pureline.com.pl\/index.php\/wp-json\/wp\/v2\/media?parent=1036"}],"wp:term":[{"taxonomy":"product_brand","embeddable":true,"href":"https:\/\/pureline.com.pl\/index.php\/wp-json\/wp\/v2\/product_brand?post=1036"},{"taxonomy":"product_cat","embeddable":true,"href":"https:\/\/pureline.com.pl\/index.php\/wp-json\/wp\/v2\/product_cat?post=1036"},{"taxonomy":"product_tag","embeddable":true,"href":"https:\/\/pureline.com.pl\/index.php\/wp-json\/wp\/v2\/product_tag?post=1036"}],"curies":[{"name":"wp","href":"https:\/\/api.w.org\/{rel}","templated":true}]}}